{"id":1209,"date":"2024-10-17T09:28:34","date_gmt":"2024-10-17T07:28:34","guid":{"rendered":"https:\/\/rezervacie.krajzazitkov.sk\/?post_type=product&#038;p=1209"},"modified":"2024-11-14T08:50:00","modified_gmt":"2024-11-14T07:50:00","slug":"noc-divadiel-piestany-podla-wintera-16-novembra-o-17-30-h","status":"publish","type":"product","link":"https:\/\/rezervacie.krajzazitkov.sk\/hu\/termek\/noc-divadiel-piestany-podla-wintera-16-novembra-o-17-30-h\/","title":{"rendered":"Noc divadiel: Pie\u0161\u0165any pod\u013ea Wintera &#8211; 16. novembra o 17.30"},"content":{"rendered":"<p>\u00c9lm\u00e9nyalap\u00fa t\u00fara, amelyben az elt\u00f6k\u00e9lt \u00fczletember, \u013dudov\u00edt Winter eml\u00e9kei hallhat\u00f3k a f\u00fclhallgat\u00f3kon kereszt\u00fcl, \u00e9s sz\u00edn\u00e9szek t\u00f6rt\u00e9nelmi jelmezekben l\u00e9pnek fel k\u00f6zvetlen\u00fcl az utc\u00e1kon. Winter szerint P\u00f6sty\u00e9n a dr\u00e1mai m\u0171 \u00e9s a komment\u00e1lt s\u00e9ta hat\u00e1r\u00e1n helyezkedik el. A t\u00fara alapj\u00e1t egy olyan f\u00e9rfi eml\u00e9kiratai adj\u00e1k, aki m\u00e1r 20 \u00e9vesen elkezdte \u00e9p\u00edteni a p\u00f6sty\u00e9ni f\u00fcrd\u0151k h\u00edrnev\u00e9t, \u00e9s er\u0151fesz\u00edt\u00e9seit nem hagyta abba akkor sem, amikor legyeng\u00fclt eg\u00e9szs\u00e9ggel t\u00e9rt vissza a koncentr\u00e1ci\u00f3s t\u00e1borr\u00f3l.<\/p>\n<p><span class=\"TextRun SCXW179809080 BCX0\" lang=\"SK-SK\" xml:lang=\"SK-SK\" data-contrast=\"auto\"><em><span class=\"NormalTextRun SCXW179809080 BCX0\">A Trnava r\u00e9gi\u00f3 region\u00e1lis turisztikai szervezete nem v\u00e1llal felel\u0151ss\u00e9get a rendezv\u00e9ny r\u00e9sztvev\u0151it \u00e9rt s\u00e9r\u00fcl\u00e9sek\u00e9rt \u00e9s a rendezv\u00e9nyen a Trnava r\u00e9gi\u00f3 region\u00e1lis turisztikai szervezete hib\u00e1j\u00e1n k\u00edv\u00fcl bek\u00f6vetkezett egy\u00e9b k\u00e1rok\u00e9rt. <\/span><span class=\"NormalTextRun SCXW179809080 BCX0\">na podujat\u00ed <\/span><span class=\"NormalTextRun SCXW179809080 BCX0\">bez zavinenia KOCR Trnavsk\u00fd kraj<\/span><\/em><span class=\"NormalTextRun SCXW179809080 BCX0\">.\u00a0<\/span><\/span><span class=\"EOP SCXW179809080 BCX0\" data-ccp-props=\"{&quot;201341983&quot;:0,&quot;335551550&quot;:6,&quot;335551620&quot;:6,&quot;335559739&quot;:160,&quot;335559740&quot;:259}\">\u00a0<\/span><\/p>\n<p><a href=\"https:\/\/rezervacie.krajzazitkov.sk\/hu\/\"><strong>&lt;&lt;&lt; Vissza a jegy v\u00e1laszt\u00e1shoz<\/strong><\/a><\/p>","protected":false},"excerpt":{"rendered":"<p><strong>Stretnite tvorcov z\u00e1\u017eitkovej preliadky Pie\u0161\u0165any pod\u013ea Wintera. Absolvova\u0165 ju m\u00f4\u017eete v mimoriandom term\u00edne 16. novembra ve\u010der. Pie\u0161\u0165any pod\u013ea Wintera s\u00fa s\u00fa\u010das\u0165ou eur\u00f3pskeho podujatia Noc divadiel 2024. Po z\u00e1\u017eitkovej prehliadke so sl\u00fachadlami na u\u0161iach a v\u00fdstupmi hercov priamo v uliciach mesta bude nasledova\u0165 diskusia s tvorcami a historikom vo Vile dr. Lisku (\u0160tef\u00e1nikova 1, Pie\u0161\u0165any).<\/strong><\/p>\n<p>Za\u010diatok mimoriadnej prehliadky je <strong>16. novembra o 17.30 h na Kolon\u00e1dovom moste<\/strong>. Trasa prehliadky pokra\u010duje zast\u00e1vkami pri Kursalone, Zelenom strome, barlol\u00e1ma\u010dovi, hoteli Thermia Palace, Pro Patrii a vrcholia na k\u00fapalisku Eva. D\u013a\u017eka trasy je necel\u00e9 2 kilometre. Prech\u00e1dzka trv\u00e1 pribli\u017ene 70 min\u00fat.<\/p>\n<p>Za\u010diatok diskusie s tvorcami <span data-contrast=\"auto\">Jurajom Bielikom a Katar\u00ednou \u0160afa\u0159\u00edkovou<\/span>, historikom Vladim\u00edrom Krupom a \u010fal\u0161\u00edmi hos\u0165ami <strong>vo Vile dr. Lisku je o 19.50 h.<\/strong> Pre z\u00e1ujemcov bude po diskusii spr\u00edstupnen\u00e1 hlavn\u00e1 expoz\u00edcia Balneologick\u00e9ho m\u00fazea Imricha Wintera v budove K\u00fape\u013enej dvorany.<\/p>\n<p><em>Egy-egy v\u00e1rosn\u00e9z\u00e9sre f\u00fclhallgat\u00f3t is tudunk k\u00f6lcs\u00f6n\u00f6zni, melynek haszn\u00e1lat\u00e1\u00e9rt 20 \u20ac kauci\u00f3t k\u00e9r\u00fcnk. A v\u00e1rosn\u00e9z\u00e9s v\u00e9gezt\u00e9vel a f\u00fclhallgat\u00f3k visszaszolg\u00e1ltat\u00e1sa ut\u00e1n a kauci\u00f3t visszat\u00e9r\u00edtj\u00fck.<\/em><\/p>","protected":false},"featured_media":1216,"template":"","meta":{"neve_meta_sidebar":"","neve_meta_container":"","neve_meta_enable_content_width":"off","neve_meta_content_width":100,"neve_meta_title_alignment":"","neve_meta_author_avatar":"","neve_post_elements_order":"","neve_meta_disable_header":"","neve_meta_disable_footer":"","neve_meta_disable_title":""},"product_brand":[],"product_cat":[15],"product_tag":[],"class_list":{"0":"post-1209","1":"product","2":"type-product","3":"status-publish","4":"has-post-thumbnail","6":"product_cat-podujatia","8":"first","9":"outofstock","10":"shipping-taxable","11":"purchasable","12":"product-type-variable"},"_links":{"self":[{"href":"https:\/\/rezervacie.krajzazitkov.sk\/hu\/wp-json\/wp\/v2\/product\/1209","targetHints":{"allow":["GET"]}}],"collection":[{"href":"https:\/\/rezervacie.krajzazitkov.sk\/hu\/wp-json\/wp\/v2\/product"}],"about":[{"href":"https:\/\/rezervacie.krajzazitkov.sk\/hu\/wp-json\/wp\/v2\/types\/product"}],"wp:featuredmedia":[{"embeddable":true,"href":"https:\/\/rezervacie.krajzazitkov.sk\/hu\/wp-json\/wp\/v2\/media\/1216"}],"wp:attachment":[{"href":"https:\/\/rezervacie.krajzazitkov.sk\/hu\/wp-json\/wp\/v2\/media?parent=1209"}],"wp:term":[{"taxonomy":"product_brand","embeddable":true,"href":"https:\/\/rezervacie.krajzazitkov.sk\/hu\/wp-json\/wp\/v2\/product_brand?post=1209"},{"taxonomy":"product_cat","embeddable":true,"href":"https:\/\/rezervacie.krajzazitkov.sk\/hu\/wp-json\/wp\/v2\/product_cat?post=1209"},{"taxonomy":"product_tag","embeddable":true,"href":"https:\/\/rezervacie.krajzazitkov.sk\/hu\/wp-json\/wp\/v2\/product_tag?post=1209"}],"curies":[{"name":"wp","href":"https:\/\/api.w.org\/{rel}","templated":true}]}}

Noc divadiel: Piešťany podľa Wintera &#8211; 16. novembra o 17.30

<p>Élményalapú túra, amelyben az eltökélt üzletember, Ľudovít Winter emlékei hallhatók a fülhallgatókon keresztül, és színészek történelmi jelmezekben lépnek fel közvetlenül az utcákon. Winter szerint Pöstyén a drámai mű és a kommentált séta határán helyezkedik el. A túra alapját egy olyan férfi emlékiratai adják, aki már 20 évesen elkezdte építeni a pöstyéni fürdők hírnevét, és erőfeszítéseit nem hagyta abba akkor sem, amikor legyengült egészséggel tért vissza a koncentrációs táborról.</p>
<p><span class="TextRun SCXW179809080 BCX0" lang="SK-SK" xml:lang="SK-SK" data-contrast="auto"><em><span class="NormalTextRun SCXW179809080 BCX0">A Trnava régió regionális turisztikai szervezete nem vállal felelősséget a rendezvény résztvevőit ért sérülésekért és a rendezvényen a Trnava régió regionális turisztikai szervezete hibáján kívül bekövetkezett egyéb károkért. </span><span class="NormalTextRun SCXW179809080 BCX0">na podujatí </span><span class="NormalTextRun SCXW179809080 BCX0">bez zavinenia KOCR Trnavský kraj</span></em><span class="NormalTextRun SCXW179809080 BCX0">. </span></span><span class="EOP SCXW179809080 BCX0" data-ccp-props="{&quot;201341983&quot;:0,&quot;335551550&quot;:6,&quot;335551620&quot;:6,&quot;335559739&quot;:160,&quot;335559740&quot;:259}"> </span></p>
<p><a href="https://rezervacie.krajzazitkov.sk/hu/"><strong>&lt;&lt;&lt; Vissza a jegy választáshoz</strong></a></p>

<p><strong>Stretnite tvorcov zážitkovej preliadky Piešťany podľa Wintera. Absolvovať ju môžete v mimoriandom termíne 16. novembra večer. Piešťany podľa Wintera sú súčasťou európskeho podujatia Noc divadiel 2024. Po zážitkovej prehliadke so slúchadlami na ušiach a výstupmi hercov priamo v uliciach mesta bude nasledovať diskusia s tvorcami a historikom vo Vile dr. Lisku (Štefánikova 1, Piešťany).</strong></p>
<p>Začiatok mimoriadnej prehliadky je <strong>16. novembra o 17.30 h na Kolonádovom moste</strong>. Trasa prehliadky pokračuje zastávkami pri Kursalone, Zelenom strome, barlolámačovi, hoteli Thermia Palace, Pro Patrii a vrcholia na kúpalisku Eva. Dĺžka trasy je necelé 2 kilometre. Prechádzka trvá približne 70 minút.</p>
<p>Začiatok diskusie s tvorcami <span data-contrast="auto">Jurajom Bielikom a Katarínou Šafaříkovou</span>, historikom Vladimírom Krupom a ďalšími hosťami <strong>vo Vile dr. Lisku je o 19.50 h.</strong> Pre záujemcov bude po diskusii sprístupnená hlavná expozícia Balneologického múzea Imricha Wintera v budove Kúpeľnej dvorany.</p>
<p><em>Egy-egy városnézésre fülhallgatót is tudunk kölcsönözni, melynek használatáért 20 € kauciót kérünk. A városnézés végeztével a fülhallgatók visszaszolgáltatása után a kauciót visszatérítjük.</em></p>
