{"id":1048,"date":"2024-08-27T15:52:24","date_gmt":"2024-08-27T13:52:24","guid":{"rendered":"https:\/\/rezervacie.krajzazitkov.sk\/?post_type=product&#038;p=1048"},"modified":"2025-10-25T09:51:13","modified_gmt":"2025-10-25T07:51:13","slug":"svetlonos-na-splave-dunajske-ramena-sobota-25-oktobra-2025","status":"publish","type":"product","link":"https:\/\/rezervacie.krajzazitkov.sk\/hu\/termek\/svetlonos-na-splave-dunajske-ramena-sobota-25-oktobra-2025\/","title":{"rendered":"Svetlonos na splave: Dunajsk\u00e9 ramen\u00e1"},"content":{"rendered":"<p><strong>Program:<\/strong><\/p>\n<p><strong>10:00<\/strong> Stretnutie pri futbalovom ihrisku vo Vojke nad Dunajom<br \/>\nUr\u010denie pos\u00e1dok 8 miestnych katamar\u00e1nov (lode s\u00fa neprevrhnute\u013en\u00e9), rozd\u00e1vanie p\u00e1diel a povinn\u00fdch pl\u00e1vac\u00edch viest, in\u0161trukt\u00e1\u017e, resp. r\u00fdchlokurz p\u00e1dlovania pre za\u010diato\u010dn\u00edkov)<br \/>\n<strong>10:30<\/strong> Za\u010diatok splavu na Dunajsk\u00fdch ramen\u00e1ch<br \/>\n<strong>13:00 \u2013 13:30<\/strong> Ukon\u010denie splavu vo Vojke nad Dunajom<\/p>\n<p><b><span data-contrast=\"auto\">D\u00f4le\u017eit\u00e9 info o doprave<\/span><\/b><span data-ccp-props=\"{}\">\u00a0<\/span><\/p>\n<p><span data-contrast=\"auto\">Do Vojky nad Dunajom odpor\u00fa\u010dame pr\u00eds\u0165 cez Bratislavu alebo Gab\u010d\u00edkovo. Kompa Kyselica \u2013 Vojka m\u00e1 obmedzen\u00fa kapacitu a autami b\u00fdva obsaden\u00e1. Nie v\u0161etci \u00fa\u010dastn\u00edci splavu sa tak zmestia na kompu. Aby ste sa vyhli \u010dakaniu a zdr\u017eaniu, odpor\u00fa\u010dame plynul\u00fa cestu cez Bratislavu alebo Gab\u010d\u00edkovo bez zdr\u017eania.<\/span><span data-ccp-props=\"{}\">\u00a0<\/span><\/p>\n<p><em>\u00da\u010dastn\u00edci splavu s\u00fa si vedom\u00ed, \u017ee splavovanie je akt\u00edvny \u0161port a jeho vykon\u00e1vanie je spojen\u00e9 s fyzickou n\u00e1mahou.\u00a0\u00a0<\/em><\/p>\n<p><em>Organizovan\u00e9 splavy s\u00fa aktivity, ktor\u00e9 s\u00fa realizovan\u00e9 v kolekt\u00edve \u013eud\u00ed, preto si vy\u017eaduj\u00fa primeran\u00fa fyzick\u00fa a psychick\u00fa dispoz\u00edciu, schopnos\u0165 prisp\u00f4sobi\u0165 sa a by\u0165 s\u00fa\u010dinn\u00fd. Osob\u00e1m so zdravotn\u00fdmi a telesn\u00fdmi obmedzeniami sa neodpor\u00fa\u010da z\u00fa\u010dastni\u0165 sa tejto organizovanej aktivity.\u00a0\u00a0<\/em><\/p>\n<p><em>V\u0161etci \u00fa\u010dastn\u00edci potvrdzuj\u00fa, \u017ee vedia pl\u00e1va\u0165. \u00da\u010das\u0165 t\u00fdch, ktor\u00ed nedosahuj\u00fa vek 10 rokov si vy\u017eaduje p\u00edsomn\u00fd s\u00fahlas z\u00e1konn\u00e9ho z\u00e1stupcu na mieste.\u00a0<\/em><\/p>\n<p><em>KOCR Trnavsk\u00fd kraj m\u00e1 z\u00e1ujem, aby organizovan\u00e9 splavy prebiehali v priate\u013eskej atmosf\u00e9re, \u00fa\u010dastn\u00edci mali pozit\u00edvny pr\u00edstup k splavovaniu. V\u0161etci \u00fa\u010dastn\u00edci s\u00fa povinn\u00ed sledova\u0165 in\u0161trukcie a dodr\u017eiava\u0165 pravidl\u00e1 ur\u010den\u00e9 organiz\u00e1torom.\u00a0\u00a0<\/em><\/p>\n<p><em>Sprievodca\/organiz\u00e1tor m\u00e1 pr\u00e1vo bez n\u00e1roku na n\u00e1hradu vyl\u00fa\u010di\u0165 z organizovan\u00e9ho splavu osoby nar\u00fa\u0161aj\u00face priebeh splavu, pr\u00edp. in\u00e9 osoby, a to v s\u00falade so V\u0161eobecn\u00fdmi obchodn\u00fdmi podmienkami KOCR Trnavsk\u00fd kraj.\u00a0\u00a0<\/em><\/p>\n<p><em>KOCR Trnavsk\u00fd kraj nenesie \u017eiadnu zodpovednos\u0165 za ujmu na zdrav\u00ed \u00fa\u010dastn\u00edkov splavu a in\u00fdch \u0161kod\u00e1ch vzniknut\u00fdch na splave bez zavinenia KOCR Trnavsk\u00fd kraj.\u00a0\u00a0<\/em><\/p>\n<p><a href=\"https:\/\/rezervacie.krajzazitkov.sk\/hu\/svetlonos-na-splave\/\"><strong>&lt;&lt;&lt; Vissza a jegy v\u00e1laszt\u00e1shoz<\/strong><\/a><\/p>","protected":false},"excerpt":{"rendered":"<p><strong><span data-contrast=\"auto\">Obdivujte n\u00e1stup jesene na brehoch Dunajsk\u00fdch ramien. Pote\u0161te svoju myse\u013e a u\u017eite si poldenn\u00e9 jesenn\u00e9 dobrodru\u017estvo, ktor\u00e9 sa za\u010d\u00edna vo Vojke nad Dunajom. Vyda\u0165 sa na\u0148 m\u00f4\u017eete v sobotu 25. okt\u00f3bra 2025. <\/span><span data-ccp-props=\"{&quot;201341983&quot;:0,&quot;335559739&quot;:160,&quot;335559740&quot;:259}\">\u00a0<\/span><\/strong><\/p>\n<p><span data-ccp-props=\"{&quot;201341983&quot;:0,&quot;335559739&quot;:160,&quot;335559740&quot;:259}\">Z\u00e1kladn\u00fd l\u00edstok: 17 eur<br \/>\nZ\u013eavnen\u00fd l\u00edstok (die\u0165a do 10 rokov): 12 eur\u00a0<\/span><\/p>\n<p><b><span data-contrast=\"auto\">V cene l\u00edstka je zahrnut\u00e9\u00a0<\/span><\/b><span data-ccp-props=\"{&quot;201341983&quot;:0,&quot;335559739&quot;:160,&quot;335559740&quot;:259}\">\u00a0<\/span><\/p>\n<p><span data-contrast=\"auto\">\u2013 vod\u00e1cka v\u00fdstroj (turistick\u00e9 kanoe, p\u00e1dlo, certifikovan\u00e9 pl\u00e1vacie vesty)\u00a0<\/span><span data-ccp-props=\"{&quot;201341983&quot;:0,&quot;335559739&quot;:160,&quot;335559740&quot;:259}\"><br \/>\n<\/span><span data-contrast=\"auto\">\u2013 sudy pre uchov\u00e1vanie va\u0161ich osobn\u00fdch vec\u00ed\u00a0<\/span><span data-ccp-props=\"{&quot;201341983&quot;:0,&quot;335559739&quot;:160,&quot;335559740&quot;:259}\"><br \/>\n<\/span><span data-contrast=\"auto\">\u2013 vank\u00fa\u0161ik na sedenie<\/span><span data-ccp-props=\"{&quot;201341983&quot;:0,&quot;335559739&quot;:160,&quot;335559740&quot;:259}\"><br \/>\n<\/span><span data-contrast=\"auto\">\u2013 \u201cr\u00fdchlokurz\u201d p\u00e1dlovania pre za\u010diato\u010dn\u00edkov<br \/>\n<\/span><span data-contrast=\"auto\">\u2013 sk\u00fasen\u00ed sprievodcovia\u00a0<\/span><span data-ccp-props=\"{&quot;201341983&quot;:0,&quot;335559739&quot;:160,&quot;335559740&quot;:259}\"><br \/>\n<\/span><span data-contrast=\"auto\">\u2013 tepl\u00fd n\u00e1poj po splave<\/span><span data-ccp-props=\"{&quot;201341983&quot;:0,&quot;335559739&quot;:160,&quot;335559740&quot;:259}\">\u00a0<\/span><\/p>\n<h6><span data-contrast=\"auto\">D\u00f4le\u017eit\u00e1 inform\u00e1cia o doprave<\/span><\/h6>\n<p><span data-contrast=\"auto\">Do Vojky nad Dunajom odpor\u00fa\u010dame pr\u00eds\u0165 cez Bratislavu alebo od Gab\u010d\u00edkova. Kompa Kyselica \u2013 Vojka m\u00e1 obmedzen\u00fa kapacitu a autami b\u00fdva obsaden\u00e1. Nie v\u0161etci \u00fa\u010dastn\u00edci splavu sa tak zmestia na kompu. Aby ste sa vyhli \u010dakaniu a pr\u00edpadn\u00e9mu zme\u0161kaniu kompy, odpor\u00fa\u010dame plynul\u00fa cestu cez Bratislavu alebo Gab\u010d\u00edkovo bez zdr\u017eania.\u00a0<\/span><span data-ccp-props=\"{&quot;201341983&quot;:0,&quot;335559739&quot;:160,&quot;335559740&quot;:259}\">\u00a0<\/span><\/p>\n<p><em><span class=\"TextRun SCXW179472569 BCX0\" lang=\"SK-SK\" xml:lang=\"SK-SK\" data-contrast=\"none\"><span class=\"NormalTextRun SCXW179472569 BCX0\">Splav sa kon\u00e1 pri minim\u00e1lnom po\u010dte 15 os\u00f4b.<\/span><\/span><span class=\"EOP SCXW179472569 BCX0\" data-ccp-props=\"{&quot;134233117&quot;:false,&quot;134233118&quot;:false,&quot;335551550&quot;:1,&quot;335551620&quot;:1,&quot;335559738&quot;:0,&quot;335559739&quot;:0}\">\u00a0<\/span>V pr\u00edpade nepriazniv\u00e9ho po\u010dasia si organiz\u00e1tor (Krajsk\u00e1 organiz\u00e1cia cestovn\u00e9ho ruchu Trnavsk\u00fd kraj) vyhradzuje pr\u00e1vo presun\u00fa\u0165 podujatie. O pr\u00edpadnom presunut\u00ed akcie bude organiz\u00e1tor informova\u0165 \u00fa\u010dastn\u00edkov vopred prostredn\u00edctvom e-mailu. Zak\u00fapen\u00e9 l\u00edstky m\u00f4\u017eu ich majitelia vyu\u017ei\u0165\u00a0 na\u202fn\u00e1hradnom splave pri zah\u00e1jen\u00ed sez\u00f3ny v apr\u00edli 2026.<\/em><\/p>","protected":false},"featured_media":1698,"template":"","meta":{"neve_meta_sidebar":"","neve_meta_container":"","neve_meta_enable_content_width":"off","neve_meta_content_width":100,"neve_meta_title_alignment":"","neve_meta_author_avatar":"","neve_post_elements_order":"","neve_meta_disable_header":"","neve_meta_disable_footer":"","neve_meta_disable_title":""},"product_brand":[],"product_cat":[15],"product_tag":[87,89],"class_list":{"0":"post-1048","1":"product","2":"type-product","3":"status-publish","4":"has-post-thumbnail","6":"product_cat-podujatia","7":"product_tag-svetlonos-na-splave","8":"product_tag-vylet","10":"first","11":"outofstock","12":"shipping-taxable","13":"purchasable","14":"product-type-variable"},"_links":{"self":[{"href":"https:\/\/rezervacie.krajzazitkov.sk\/hu\/wp-json\/wp\/v2\/product\/1048","targetHints":{"allow":["GET"]}}],"collection":[{"href":"https:\/\/rezervacie.krajzazitkov.sk\/hu\/wp-json\/wp\/v2\/product"}],"about":[{"href":"https:\/\/rezervacie.krajzazitkov.sk\/hu\/wp-json\/wp\/v2\/types\/product"}],"wp:featuredmedia":[{"embeddable":true,"href":"https:\/\/rezervacie.krajzazitkov.sk\/hu\/wp-json\/wp\/v2\/media\/1698"}],"wp:attachment":[{"href":"https:\/\/rezervacie.krajzazitkov.sk\/hu\/wp-json\/wp\/v2\/media?parent=1048"}],"wp:term":[{"taxonomy":"product_brand","embeddable":true,"href":"https:\/\/rezervacie.krajzazitkov.sk\/hu\/wp-json\/wp\/v2\/product_brand?post=1048"},{"taxonomy":"product_cat","embeddable":true,"href":"https:\/\/rezervacie.krajzazitkov.sk\/hu\/wp-json\/wp\/v2\/product_cat?post=1048"},{"taxonomy":"product_tag","embeddable":true,"href":"https:\/\/rezervacie.krajzazitkov.sk\/hu\/wp-json\/wp\/v2\/product_tag?post=1048"}],"curies":[{"name":"wp","href":"https:\/\/api.w.org\/{rel}","templated":true}]}}

Svetlonos na splave: Dunajské ramená

<p><strong>Program:</strong></p>
<p><strong>10:00</strong> Stretnutie pri futbalovom ihrisku vo Vojke nad Dunajom<br />
Určenie posádok 8 miestnych katamaránov (lode sú neprevrhnuteľné), rozdávanie pádiel a povinných plávacích viest, inštruktáž, resp. rýchlokurz pádlovania pre začiatočníkov)<br />
<strong>10:30</strong> Začiatok splavu na Dunajských ramenách<br />
<strong>13:00 – 13:30</strong> Ukončenie splavu vo Vojke nad Dunajom</p>
<p><b><span data-contrast="auto">Dôležité info o doprave</span></b><span data-ccp-props="{}"> </span></p>
<p><span data-contrast="auto">Do Vojky nad Dunajom odporúčame prísť cez Bratislavu alebo Gabčíkovo. Kompa Kyselica – Vojka má obmedzenú kapacitu a autami býva obsadená. Nie všetci účastníci splavu sa tak zmestia na kompu. Aby ste sa vyhli čakaniu a zdržaniu, odporúčame plynulú cestu cez Bratislavu alebo Gabčíkovo bez zdržania.</span><span data-ccp-props="{}"> </span></p>
<p><em>Účastníci splavu sú si vedomí, že splavovanie je aktívny šport a jeho vykonávanie je spojené s fyzickou námahou.  </em></p>
<p><em>Organizované splavy sú aktivity, ktoré sú realizované v kolektíve ľudí, preto si vyžadujú primeranú fyzickú a psychickú dispozíciu, schopnosť prispôsobiť sa a byť súčinný. Osobám so zdravotnými a telesnými obmedzeniami sa neodporúča zúčastniť sa tejto organizovanej aktivity.  </em></p>
<p><em>Všetci účastníci potvrdzujú, že vedia plávať. Účasť tých, ktorí nedosahujú vek 10 rokov si vyžaduje písomný súhlas zákonného zástupcu na mieste. </em></p>
<p><em>KOCR Trnavský kraj má záujem, aby organizované splavy prebiehali v priateľskej atmosfére, účastníci mali pozitívny prístup k splavovaniu. Všetci účastníci sú povinní sledovať inštrukcie a dodržiavať pravidlá určené organizátorom.  </em></p>
<p><em>Sprievodca/organizátor má právo bez nároku na náhradu vylúčiť z organizovaného splavu osoby narúšajúce priebeh splavu, príp. iné osoby, a to v súlade so Všeobecnými obchodnými podmienkami KOCR Trnavský kraj.  </em></p>
<p><em>KOCR Trnavský kraj nenesie žiadnu zodpovednosť za ujmu na zdraví účastníkov splavu a iných škodách vzniknutých na splave bez zavinenia KOCR Trnavský kraj.  </em></p>
<p><a href="https://rezervacie.krajzazitkov.sk/hu/svetlonos-na-splave/"><strong>&lt;&lt;&lt; Vissza a jegy választáshoz</strong></a></p>

<p><strong><span data-contrast="auto">Obdivujte nástup jesene na brehoch Dunajských ramien. Potešte svoju myseľ a užite si poldenné jesenné dobrodružstvo, ktoré sa začína vo Vojke nad Dunajom. Vydať sa naň môžete v sobotu 25. októbra 2025. </span><span data-ccp-props="{&quot;201341983&quot;:0,&quot;335559739&quot;:160,&quot;335559740&quot;:259}"> </span></strong></p>
<p><span data-ccp-props="{&quot;201341983&quot;:0,&quot;335559739&quot;:160,&quot;335559740&quot;:259}">Základný lístok: 17 eur<br />
Zľavnený lístok (dieťa do 10 rokov): 12 eur </span></p>
<p><b><span data-contrast="auto">V cene lístka je zahrnuté </span></b><span data-ccp-props="{&quot;201341983&quot;:0,&quot;335559739&quot;:160,&quot;335559740&quot;:259}"> </span></p>
<p><span data-contrast="auto">– vodácka výstroj (turistické kanoe, pádlo, certifikované plávacie vesty) </span><span data-ccp-props="{&quot;201341983&quot;:0,&quot;335559739&quot;:160,&quot;335559740&quot;:259}"><br />
</span><span data-contrast="auto">– sudy pre uchovávanie vašich osobných vecí </span><span data-ccp-props="{&quot;201341983&quot;:0,&quot;335559739&quot;:160,&quot;335559740&quot;:259}"><br />
</span><span data-contrast="auto">– vankúšik na sedenie</span><span data-ccp-props="{&quot;201341983&quot;:0,&quot;335559739&quot;:160,&quot;335559740&quot;:259}"><br />
</span><span data-contrast="auto">– “rýchlokurz” pádlovania pre začiatočníkov<br />
</span><span data-contrast="auto">– skúsení sprievodcovia </span><span data-ccp-props="{&quot;201341983&quot;:0,&quot;335559739&quot;:160,&quot;335559740&quot;:259}"><br />
</span><span data-contrast="auto">– teplý nápoj po splave</span><span data-ccp-props="{&quot;201341983&quot;:0,&quot;335559739&quot;:160,&quot;335559740&quot;:259}"> </span></p>
<h6><span data-contrast="auto">Dôležitá informácia o doprave</span></h6>
<p><span data-contrast="auto">Do Vojky nad Dunajom odporúčame prísť cez Bratislavu alebo od Gabčíkova. Kompa Kyselica – Vojka má obmedzenú kapacitu a autami býva obsadená. Nie všetci účastníci splavu sa tak zmestia na kompu. Aby ste sa vyhli čakaniu a prípadnému zmeškaniu kompy, odporúčame plynulú cestu cez Bratislavu alebo Gabčíkovo bez zdržania. </span><span data-ccp-props="{&quot;201341983&quot;:0,&quot;335559739&quot;:160,&quot;335559740&quot;:259}"> </span></p>
<p><em><span class="TextRun SCXW179472569 BCX0" lang="SK-SK" xml:lang="SK-SK" data-contrast="none"><span class="NormalTextRun SCXW179472569 BCX0">Splav sa koná pri minimálnom počte 15 osôb.</span></span><span class="EOP SCXW179472569 BCX0" data-ccp-props="{&quot;134233117&quot;:false,&quot;134233118&quot;:false,&quot;335551550&quot;:1,&quot;335551620&quot;:1,&quot;335559738&quot;:0,&quot;335559739&quot;:0}"> </span>V prípade nepriaznivého počasia si organizátor (Krajská organizácia cestovného ruchu Trnavský kraj) vyhradzuje právo presunúť podujatie. O prípadnom presunutí akcie bude organizátor informovať účastníkov vopred prostredníctvom e-mailu. Zakúpené lístky môžu ich majitelia využiť  na náhradnom splave pri zahájení sezóny v apríli 2026.</em></p>
