{"id":809,"date":"2024-06-17T13:40:48","date_gmt":"2024-06-17T11:40:48","guid":{"rendered":"https:\/\/rezervacie.krajzazitkov.sk\/?page_id=809"},"modified":"2025-10-15T09:12:17","modified_gmt":"2025-10-15T07:12:17","slug":"turbovylet","status":"publish","type":"page","link":"https:\/\/rezervacie.krajzazitkov.sk\/hu\/turbovylet\/","title":{"rendered":"TurboV\u00fdlet"},"content":{"rendered":"<div style=\"height:30px\" aria-hidden=\"true\" class=\"wp-block-spacer\"><\/div>\n\n\n\n<div class=\"wp-block-columns is-layout-flex wp-container-core-columns-is-layout-9d6595d7 wp-block-columns-is-layout-flex\">\n<div class=\"wp-block-column is-layout-flow wp-block-column-is-layout-flow\" style=\"flex-basis:33.33%\">\n<figure class=\"wp-block-image size-large\"><img loading=\"lazy\" decoding=\"async\" width=\"1024\" height=\"1024\" src=\"https:\/\/rezervacie.krajzazitkov.sk\/wp-content\/uploads\/2024\/06\/turbovylet_post-1-1024x1024.png\" alt=\"\" class=\"wp-image-806\" srcset=\"https:\/\/rezervacie.krajzazitkov.sk\/wp-content\/uploads\/2024\/06\/turbovylet_post-1-1024x1024.png 1024w, https:\/\/rezervacie.krajzazitkov.sk\/wp-content\/uploads\/2024\/06\/turbovylet_post-1-300x300.png 300w, https:\/\/rezervacie.krajzazitkov.sk\/wp-content\/uploads\/2024\/06\/turbovylet_post-1-150x150.png 150w, https:\/\/rezervacie.krajzazitkov.sk\/wp-content\/uploads\/2024\/06\/turbovylet_post-1-768x768.png 768w, https:\/\/rezervacie.krajzazitkov.sk\/wp-content\/uploads\/2024\/06\/turbovylet_post-1-1536x1536.png 1536w, https:\/\/rezervacie.krajzazitkov.sk\/wp-content\/uploads\/2024\/06\/turbovylet_post-1-2048x2048.png 2048w, https:\/\/rezervacie.krajzazitkov.sk\/wp-content\/uploads\/2024\/06\/turbovylet_post-1-12x12.png 12w, https:\/\/rezervacie.krajzazitkov.sk\/wp-content\/uploads\/2024\/06\/turbovylet_post-1-600x600.png 600w, https:\/\/rezervacie.krajzazitkov.sk\/wp-content\/uploads\/2024\/06\/turbovylet_post-1-100x100.png 100w\" sizes=\"auto, (max-width: 1024px) 100vw, 1024px\" \/><\/figure>\n\n\n\n<div style=\"height:30px\" aria-hidden=\"true\" class=\"wp-block-spacer\"><\/div>\n\n\n\n<p class=\"has-small-font-size\"><strong>D\u00f4le\u017eit\u00e9 upozornenie pre \u00fa\u010dastn\u00edkov v\u00fdletu<\/strong><\/p>\n\n\n\n<p class=\"has-small-font-size\"><em>\u00da\u010dastn\u00edci v\u00fdletu s\u00fa si vedom\u00ed, \u017ee po\u010das exkurzie na Vodnom diele Gab\u010d\u00edkovo musia dodr\u017eiava\u0165 in\u0161trukcie Vodohospod\u00e1rskej v\u00fdstavby a po\u010das pobytu na term\u00e1lnom k\u00fapalisku <a href=\"http:\/\/Upozornenie: Exkurzie na Vodnom diele Gab\u010d\u00edkovo sa m\u00f4\u017eu z\u00fa\u010dastni\u0165 deti od 10 rokov vzh\u013eadom na technick\u00e9 a bezpe\u010dnostn\u00e9 nariadenie spr\u00e1vy vodn\u00e9ho diela.&nbsp;Celodenn\u00e9ho v\u00fdletu sa m\u00f4\u017eu z\u00fa\u010dastni\u0165 aj men\u0161ie deti, ale&nbsp;nebud\u00fa ma\u0165 pr\u00edstup na samotn\u00fa exkurziu, musia osta\u0165 iba v priestoroch Infocentra s rodi\u010dom alebo pr\u00edbuzn\u00fdm.\">n\u00e1v\u0161tevn\u00fd poriadok Themalaprku Corvinus<\/a><\/em> resp. n\u00e1v\u0161tevn\u00fd poriadok <a href=\"https:\/\/thermalpark.sk\/navstevny-poriadok\/\"><em>Thermalparku DS<\/em><\/a>. <\/p>\n\n\n\n<p class=\"has-small-font-size\">N\u00e1v\u0161tevn\u00edci exkurzie musia by\u0165 plne sp\u00f4sobil\u00ed na pr\u00e1vne \u00fakony a nesm\u00fa trpie\u0165 \u017eiadnym zdravotn\u00fdm znev\u00fdhodnen\u00edm, ktor\u00e9 by znemo\u017e\u0148ovalo ich \u00fa\u010das\u0165 na exkurzii, &nbsp;alebo ktor\u00e9 by malo za n\u00e1sledok zhor\u0161enie ich zdravotn\u00e9ho stavu <strong>(pou\u017e\u00edvanie kardiostimul\u00e1tora v priestoroch siln\u00e9ho magnetick\u00e9ho po\u013ea, probl\u00e9m s pohybov\u00fdm \u00fastrojenstvom a pod.)<\/strong><\/p>\n\n\n\n<p class=\"has-small-font-size\"><em>Tento organizovan\u00fd v\u00fdlet v kolekt\u00edve \u013eud\u00ed vy\u017eaduje primeran\u00fa fyzick\u00fa a psychick\u00fa dispoz\u00edciu, schopnos\u0165 prisp\u00f4sobi\u0165 sa a by\u0165 s\u00fa\u010dinn\u00fd. Osob\u00e1m so zdravotn\u00fdmi a telesn\u00fdmi obmedzeniami sa neodpor\u00fa\u010da z\u00fa\u010dastni\u0165 sa tejto organizovanej aktivity.&nbsp;&nbsp;<\/em><\/p>\n\n\n\n<p class=\"has-small-font-size\"><em>V\u0161etci \u00fa\u010dastn\u00edci potvrdzuj\u00fa, \u017ee vedia pl\u00e1va\u0165. \u00da\u010das\u0165 t\u00fdch, ktor\u00ed nedosahuj\u00fa vek 10 rokov si vy\u017eaduje p\u00edsomn\u00fd s\u00fahlas z\u00e1konn\u00e9ho z\u00e1stupcu na mieste.&nbsp;<\/em><\/p>\n\n\n\n<p class=\"has-small-font-size\"><em>KOCR Trnavsk\u00fd kraj m\u00e1 z\u00e1ujem, aby organizovan\u00e9 v\u00fdlety prebiehali v priate\u013eskej atmosf\u00e9re, \u00fa\u010dastn\u00edci mali pozit\u00edvny pr\u00edstup k spolo\u010dn\u00fdm aktiv\u00edt\u00e1m. V\u0161etci \u00fa\u010dastn\u00edci s\u00fa povinn\u00ed sledova\u0165 in\u0161trukcie a dodr\u017eiava\u0165 pravidl\u00e1 ur\u010den\u00e9 organiz\u00e1torom.&nbsp;&nbsp;<\/em><\/p>\n\n\n\n<p class=\"has-small-font-size\"><em>Sprievodca\/organiz\u00e1tor m\u00e1 pr\u00e1vo bez n\u00e1roku na n\u00e1hradu vyl\u00fa\u010di\u0165 z organizovan\u00e9ho splavu osoby nar\u00fa\u0161aj\u00face priebeh v\u00fdletu, pr\u00edp. in\u00e9 osoby, a to v s\u00falade so <a href=\"https:\/\/krajzazitkov.sk\/vseobecne-obchodne-podmienky\/\">V\u0161eobecn\u00fdmi obchodn\u00fdmi podmienkami KOCR Trnavsk\u00fd kraj<\/a>.&nbsp;&nbsp;<\/em><\/p>\n\n\n\n<p class=\"has-small-font-size\"><em>KOCR Trnavsk\u00fd kraj nenesie \u017eiadnu zodpovednos\u0165 za ujmu na zdrav\u00ed \u00fa\u010dastn\u00edkov splavu a in\u00fdch \u0161kod\u00e1ch vzniknut\u00fdch na splave bez zavinenia KOCR Trnavsk\u00fd kraj.&nbsp;&nbsp;<\/em><\/p>\n<\/div>\n\n\n\n<div class=\"wp-block-column is-layout-flow wp-block-column-is-layout-flow\" style=\"flex-basis:66.66%\">\n<h1 class=\"wp-block-heading\">TurboV\u00fdlet<\/h1>\n\n\n\n<p><strong>Exkurzia na Vodnom diele Gab\u010d\u00edkovo a relax <strong>v Thermal Corvinus Ve\u013ek\u00fd Meder (19.7. a 16.8.)<\/strong><\/strong> <strong>alebo<\/strong> <strong>v Thermalparku Dunajsk\u00e1 Streda (7.6., 21.6., 6.9., 20.9., 4.10., 18.10.). <\/strong><\/p>\n\n\n\n<p>Jedine\u010dn\u00e1 pr\u00edle\u017eitos\u0165 pr\u00edle\u017eitos\u0165 nazrie\u0165 sa do \u00fatrob vodnej elektr\u00e1rne a spozna\u0165 fungovanie Vodn\u00e9ho diela Gab\u010d\u00edkovo zvn\u00fatra.&nbsp;<\/p>\n\n\n\n<p><strong>Program v\u00fdletu:<\/strong><br>8:00 n\u00e1stupn\u00e9 miesto Pie\u0161\u0165any, \u017eelezni\u010dn\u00e1 stanica&nbsp; &nbsp;<br>8:30&nbsp; n\u00e1stupn\u00e9 miesto Trnava, \u017eelezni\u010dn\u00e1 stanica &nbsp;<br>8:35 odchod spred \u017eelezni\u010dnej stanice Trnava&nbsp; &nbsp;<br>9:10 n\u00e1stupn\u00e9 mieste Galanta, \u017eelezni\u010dn\u00e1 stanica&nbsp;<br>10:00 pr\u00edchod k Infocentru Gab\u010d\u00edkovo&nbsp;<br>10:15 za\u010diatok exkurzie v Infocentre Gab\u010d\u00edkovo (trvanie 1,5 hod) &nbsp;<br>12:30 odchod od VD Gab\u010d\u00edkovo a presun do termalparku Dunajsk\u00e1 Streda\/Ve\u013ek\u00fd Meder&nbsp;<br>13:00 \u2013 17:15 k\u00fapanie v termalparku Dunajsk\u00e1 Streda\/Ve\u013ek\u00fd Meder&nbsp;<br>17:30 odchod&nbsp;<br>17:30 Cesta sp\u00e4\u0165 cez Galantu a Trnavu do Pie\u0161\u0165any&nbsp;&nbsp;<\/p>\n\n\n\n<p><strong>Ceny vstupeniek:<\/strong> 28 eur (dospel\u00e1 osoba) \/ 24 eur (senior, die\u0165a do 16 rokov)<\/p>\n\n\n\n<p><strong>Upozornenie: Exkurzie na Vodnom diele Gab\u010d\u00edkovo sa m\u00f4\u017eu z\u00fa\u010dastni\u0165 deti od 10 rokov vzh\u013eadom na technick\u00e9 a bezpe\u010dnostn\u00e9 nariadenie spr\u00e1vy vodn\u00e9ho diela.&nbsp;Celodenn\u00e9ho v\u00fdletu sa m\u00f4\u017eu z\u00fa\u010dastni\u0165 aj men\u0161ie deti, ale&nbsp;nebud\u00fa ma\u0165 pr\u00edstup na samotn\u00fa exkurziu, musia osta\u0165 iba v priestoroch Infocentra s rodi\u010dom alebo pr\u00edbuzn\u00fdm.&nbsp;<\/strong><\/p>\n\n\n\n<h2 class=\"wp-block-heading\">Jegyek<\/h2>\n\n\n\n<div class=\"wp-block-columns is-layout-flex wp-container-core-columns-is-layout-9d6595d7 wp-block-columns-is-layout-flex\">\n<div class=\"wp-block-column is-layout-flow wp-block-column-is-layout-flow\">\n<div class=\"wp-block-buttons is-content-justification-center is-layout-flex wp-container-core-buttons-is-layout-16018d1d wp-block-buttons-is-layout-flex\">\n<div class=\"wp-block-button has-custom-width wp-block-button__width-100\"><a class=\"wp-block-button__link has-background wp-element-button\" style=\"background-color:#04accd\">18. okt\u00f3bra 2025 &#8211; Thermalpark Dunajsk\u00e1 Streda &#8211; z organiza\u010dn\u00fdch d\u00f4vodov sa neuskuto\u010dn\u00ed<\/a><\/div>\n<\/div>\n<\/div>\n<\/div>\n<\/div>\n<\/div>","protected":false},"excerpt":{"rendered":"<p>D\u00f4le\u017eit\u00e9 upozornenie pre \u00fa\u010dastn\u00edkov v\u00fdletu \u00da\u010dastn\u00edci v\u00fdletu s\u00fa si vedom\u00ed, \u017ee po\u010das exkurzie na Vodnom diele Gab\u010d\u00edkovo musia dodr\u017eiava\u0165 in\u0161trukcie Vodohospod\u00e1rskej v\u00fdstavby a po\u010das pobytu na term\u00e1lnom k\u00fapalisku n\u00e1v\u0161tevn\u00fd poriadok Themalaprku Corvinus resp. n\u00e1v\u0161tevn\u00fd poriadok Thermalparku DS. N\u00e1v\u0161tevn\u00edci exkurzie musia by\u0165 plne sp\u00f4sobil\u00ed na pr\u00e1vne \u00fakony a nesm\u00fa trpie\u0165 \u017eiadnym zdravotn\u00fdm znev\u00fdhodnen\u00edm, ktor\u00e9 by znemo\u017e\u0148ovalo&hellip;&nbsp;<a href=\"https:\/\/rezervacie.krajzazitkov.sk\/hu\/turbovylet\/\" rel=\"bookmark\">Read More &raquo;<span class=\"screen-reader-text\">TurboV\u00fdlet<\/span><\/a><\/p>","protected":false},"author":2,"featured_media":0,"parent":0,"menu_order":0,"comment_status":"closed","ping_status":"closed","template":"","meta":{"neve_meta_sidebar":"","neve_meta_container":"","neve_meta_enable_content_width":"","neve_meta_content_width":0,"neve_meta_title_alignment":"","neve_meta_author_avatar":"","neve_post_elements_order":"","neve_meta_disable_header":"","neve_meta_disable_footer":"","neve_meta_disable_title":"on","footnotes":""},"class_list":["post-809","page","type-page","status-publish","hentry"],"_links":{"self":[{"href":"https:\/\/rezervacie.krajzazitkov.sk\/hu\/wp-json\/wp\/v2\/pages\/809","targetHints":{"allow":["GET"]}}],"collection":[{"href":"https:\/\/rezervacie.krajzazitkov.sk\/hu\/wp-json\/wp\/v2\/pages"}],"about":[{"href":"https:\/\/rezervacie.krajzazitkov.sk\/hu\/wp-json\/wp\/v2\/types\/page"}],"author":[{"embeddable":true,"href":"https:\/\/rezervacie.krajzazitkov.sk\/hu\/wp-json\/wp\/v2\/users\/2"}],"replies":[{"embeddable":true,"href":"https:\/\/rezervacie.krajzazitkov.sk\/hu\/wp-json\/wp\/v2\/comments?post=809"}],"version-history":[{"count":28,"href":"https:\/\/rezervacie.krajzazitkov.sk\/hu\/wp-json\/wp\/v2\/pages\/809\/revisions"}],"predecessor-version":[{"id":1740,"href":"https:\/\/rezervacie.krajzazitkov.sk\/hu\/wp-json\/wp\/v2\/pages\/809\/revisions\/1740"}],"wp:attachment":[{"href":"https:\/\/rezervacie.krajzazitkov.sk\/hu\/wp-json\/wp\/v2\/media?parent=809"}],"curies":[{"name":"wp","href":"https:\/\/api.w.org\/{rel}","templated":true}]}}

TurboVýlet

<div style="height:30px" aria-hidden="true" class="wp-block-spacer"></div>



<div class="wp-block-columns is-layout-flex wp-container-core-columns-is-layout-9d6595d7 wp-block-columns-is-layout-flex">
<div class="wp-block-column is-layout-flow wp-block-column-is-layout-flow" style="flex-basis:33.33%">
<figure class="wp-block-image size-large"><img loading="lazy" decoding="async" width="1024" height="1024" src="https://rezervacie.krajzazitkov.sk/wp-content/uploads/2024/06/turbovylet_post-1-1024x1024.png" alt="" class="wp-image-806" srcset="https://rezervacie.krajzazitkov.sk/wp-content/uploads/2024/06/turbovylet_post-1-1024x1024.png 1024w, https://rezervacie.krajzazitkov.sk/wp-content/uploads/2024/06/turbovylet_post-1-300x300.png 300w, https://rezervacie.krajzazitkov.sk/wp-content/uploads/2024/06/turbovylet_post-1-150x150.png 150w, https://rezervacie.krajzazitkov.sk/wp-content/uploads/2024/06/turbovylet_post-1-768x768.png 768w, https://rezervacie.krajzazitkov.sk/wp-content/uploads/2024/06/turbovylet_post-1-1536x1536.png 1536w, https://rezervacie.krajzazitkov.sk/wp-content/uploads/2024/06/turbovylet_post-1-2048x2048.png 2048w, https://rezervacie.krajzazitkov.sk/wp-content/uploads/2024/06/turbovylet_post-1-12x12.png 12w, https://rezervacie.krajzazitkov.sk/wp-content/uploads/2024/06/turbovylet_post-1-600x600.png 600w, https://rezervacie.krajzazitkov.sk/wp-content/uploads/2024/06/turbovylet_post-1-100x100.png 100w" sizes="auto, (max-width: 1024px) 100vw, 1024px" /></figure>



<div style="height:30px" aria-hidden="true" class="wp-block-spacer"></div>



<p class="has-small-font-size"><strong>Dôležité upozornenie pre účastníkov výletu</strong></p>



<p class="has-small-font-size"><em>Účastníci výletu sú si vedomí, že počas exkurzie na Vodnom diele Gabčíkovo musia dodržiavať inštrukcie Vodohospodárskej výstavby a počas pobytu na termálnom kúpalisku <a href="http://Upozornenie: Exkurzie na Vodnom diele Gabčíkovo sa môžu zúčastniť deti od 10 rokov vzhľadom na technické a bezpečnostné nariadenie správy vodného diela.&nbsp;Celodenného výletu sa môžu zúčastniť aj menšie deti, ale&nbsp;nebudú mať prístup na samotnú exkurziu, musia ostať iba v priestoroch Infocentra s rodičom alebo príbuzným.">návštevný poriadok Themalaprku Corvinus</a></em> resp. návštevný poriadok <a href="https://thermalpark.sk/navstevny-poriadok/"><em>Thermalparku DS</em></a>. </p>



<p class="has-small-font-size">Návštevníci exkurzie musia byť plne spôsobilí na právne úkony a nesmú trpieť žiadnym zdravotným znevýhodnením, ktoré by znemožňovalo ich účasť na exkurzii, &nbsp;alebo ktoré by malo za následok zhoršenie ich zdravotného stavu <strong>(používanie kardiostimulátora v priestoroch silného magnetického poľa, problém s pohybovým ústrojenstvom a pod.)</strong></p>



<p class="has-small-font-size"><em>Tento organizovaný výlet v kolektíve ľudí vyžaduje primeranú fyzickú a psychickú dispozíciu, schopnosť prispôsobiť sa a byť súčinný. Osobám so zdravotnými a telesnými obmedzeniami sa neodporúča zúčastniť sa tejto organizovanej aktivity.&nbsp;&nbsp;</em></p>



<p class="has-small-font-size"><em>Všetci účastníci potvrdzujú, že vedia plávať. Účasť tých, ktorí nedosahujú vek 10 rokov si vyžaduje písomný súhlas zákonného zástupcu na mieste.&nbsp;</em></p>



<p class="has-small-font-size"><em>KOCR Trnavský kraj má záujem, aby organizované výlety prebiehali v priateľskej atmosfére, účastníci mali pozitívny prístup k spoločným aktivítám. Všetci účastníci sú povinní sledovať inštrukcie a dodržiavať pravidlá určené organizátorom.&nbsp;&nbsp;</em></p>



<p class="has-small-font-size"><em>Sprievodca/organizátor má právo bez nároku na náhradu vylúčiť z organizovaného splavu osoby narúšajúce priebeh výletu, príp. iné osoby, a to v súlade so <a href="https://krajzazitkov.sk/vseobecne-obchodne-podmienky/">Všeobecnými obchodnými podmienkami KOCR Trnavský kraj</a>.&nbsp;&nbsp;</em></p>



<p class="has-small-font-size"><em>KOCR Trnavský kraj nenesie žiadnu zodpovednosť za ujmu na zdraví účastníkov splavu a iných škodách vzniknutých na splave bez zavinenia KOCR Trnavský kraj.&nbsp;&nbsp;</em></p>
</div>



<div class="wp-block-column is-layout-flow wp-block-column-is-layout-flow" style="flex-basis:66.66%">
<h1 class="wp-block-heading">TurboVýlet</h1>



<p><strong>Exkurzia na Vodnom diele Gabčíkovo a relax <strong>v Thermal Corvinus Veľký Meder (19.7. a 16.8.)</strong></strong> <strong>alebo</strong> <strong>v Thermalparku Dunajská Streda (7.6., 21.6., 6.9., 20.9., 4.10., 18.10.). </strong></p>



<p>Jedinečná príležitosť príležitosť nazrieť sa do útrob vodnej elektrárne a spoznať fungovanie Vodného diela Gabčíkovo zvnútra.&nbsp;</p>



<p><strong>Program výletu:</strong><br>8:00 nástupné miesto Piešťany, železničná stanica&nbsp; &nbsp;<br>8:30&nbsp; nástupné miesto Trnava, železničná stanica &nbsp;<br>8:35 odchod spred železničnej stanice Trnava&nbsp; &nbsp;<br>9:10 nástupné mieste Galanta, železničná stanica&nbsp;<br>10:00 príchod k Infocentru Gabčíkovo&nbsp;<br>10:15 začiatok exkurzie v Infocentre Gabčíkovo (trvanie 1,5 hod) &nbsp;<br>12:30 odchod od VD Gabčíkovo a presun do termalparku Dunajská Streda/Veľký Meder&nbsp;<br>13:00 – 17:15 kúpanie v termalparku Dunajská Streda/Veľký Meder&nbsp;<br>17:30 odchod&nbsp;<br>17:30 Cesta späť cez Galantu a Trnavu do Piešťany&nbsp;&nbsp;</p>



<p><strong>Ceny vstupeniek:</strong> 28 eur (dospelá osoba) / 24 eur (senior, dieťa do 16 rokov)</p>



<p><strong>Upozornenie: Exkurzie na Vodnom diele Gabčíkovo sa môžu zúčastniť deti od 10 rokov vzhľadom na technické a bezpečnostné nariadenie správy vodného diela.&nbsp;Celodenného výletu sa môžu zúčastniť aj menšie deti, ale&nbsp;nebudú mať prístup na samotnú exkurziu, musia ostať iba v priestoroch Infocentra s rodičom alebo príbuzným.&nbsp;</strong></p>



<h2 class="wp-block-heading">Jegyek</h2>



<div class="wp-block-columns is-layout-flex wp-container-core-columns-is-layout-9d6595d7 wp-block-columns-is-layout-flex">
<div class="wp-block-column is-layout-flow wp-block-column-is-layout-flow">
<div class="wp-block-buttons is-content-justification-center is-layout-flex wp-container-core-buttons-is-layout-16018d1d wp-block-buttons-is-layout-flex">
<div class="wp-block-button has-custom-width wp-block-button__width-100"><a class="wp-block-button__link has-background wp-element-button" style="background-color:#04accd">18. októbra 2025 &#8211; Thermalpark Dunajská Streda &#8211; z organizačných dôvodov sa neuskutoční</a></div>
</div>
</div>
</div>
</div>
</div>

<p>Dôležité upozornenie pre účastníkov výletu Účastníci výletu sú si vedomí, že počas exkurzie na Vodnom diele Gabčíkovo musia dodržiavať inštrukcie Vodohospodárskej výstavby a počas pobytu na termálnom kúpalisku návštevný poriadok Themalaprku Corvinus resp. návštevný poriadok Thermalparku DS. Návštevníci exkurzie musia byť plne spôsobilí na právne úkony a nesmú trpieť žiadnym zdravotným znevýhodnením, ktoré by znemožňovalo&hellip;&nbsp;<a href="https://rezervacie.krajzazitkov.sk/hu/turbovylet/" rel="bookmark">Read More &raquo;<span class="screen-reader-text">TurboVýlet</span></a></p>
