{"id":715,"date":"2024-05-16T14:55:38","date_gmt":"2024-05-16T12:55:38","guid":{"rendered":"https:\/\/rezervacie.krajzazitkov.sk\/?page_id=715"},"modified":"2024-09-25T08:03:48","modified_gmt":"2024-09-25T06:03:48","slug":"cyklotulacky-po-zahori","status":"publish","type":"page","link":"https:\/\/rezervacie.krajzazitkov.sk\/hu\/cyklotulacky-po-zahori\/","title":{"rendered":"Cyklot\u00fala\u010dky po Z\u00e1hor\u00ed"},"content":{"rendered":"<div style=\"height:30px\" aria-hidden=\"true\" class=\"wp-block-spacer\"><\/div>\n\n\n\n<div class=\"wp-block-columns is-layout-flex wp-container-core-columns-is-layout-9d6595d7 wp-block-columns-is-layout-flex\">\n<div class=\"wp-block-column is-layout-flow wp-block-column-is-layout-flow\" style=\"flex-basis:33.33%\">\n<figure class=\"wp-block-image size-large\"><img loading=\"lazy\" decoding=\"async\" width=\"1024\" height=\"1024\" src=\"https:\/\/rezervacie.krajzazitkov.sk\/wp-content\/uploads\/2024\/05\/cyklotulack_zahorie_2024-06-1024x1024.png\" alt=\"\" class=\"wp-image-710\" srcset=\"https:\/\/rezervacie.krajzazitkov.sk\/wp-content\/uploads\/2024\/05\/cyklotulack_zahorie_2024-06-1024x1024.png 1024w, https:\/\/rezervacie.krajzazitkov.sk\/wp-content\/uploads\/2024\/05\/cyklotulack_zahorie_2024-06-300x300.png 300w, https:\/\/rezervacie.krajzazitkov.sk\/wp-content\/uploads\/2024\/05\/cyklotulack_zahorie_2024-06-150x150.png 150w, https:\/\/rezervacie.krajzazitkov.sk\/wp-content\/uploads\/2024\/05\/cyklotulack_zahorie_2024-06-768x768.png 768w, https:\/\/rezervacie.krajzazitkov.sk\/wp-content\/uploads\/2024\/05\/cyklotulack_zahorie_2024-06-1536x1536.png 1536w, https:\/\/rezervacie.krajzazitkov.sk\/wp-content\/uploads\/2024\/05\/cyklotulack_zahorie_2024-06-2048x2048.png 2048w, https:\/\/rezervacie.krajzazitkov.sk\/wp-content\/uploads\/2024\/05\/cyklotulack_zahorie_2024-06-12x12.png 12w, https:\/\/rezervacie.krajzazitkov.sk\/wp-content\/uploads\/2024\/05\/cyklotulack_zahorie_2024-06-600x600.png 600w, https:\/\/rezervacie.krajzazitkov.sk\/wp-content\/uploads\/2024\/05\/cyklotulack_zahorie_2024-06-100x100.png 100w\" sizes=\"auto, (max-width: 1024px) 100vw, 1024px\" \/><\/figure>\n\n\n\n<p class=\"has-small-font-size\"><\/p>\n<\/div>\n\n\n\n<div class=\"wp-block-column is-layout-flow wp-block-column-is-layout-flow\" style=\"flex-basis:66.66%\">\n<h1 class=\"wp-block-heading\">Cyklot\u00fala\u010dky po Z\u00e1hor\u00ed<\/h1>\n\n\n\n<p>Trnavsk\u00fd kraj z\u00e1\u017eitkov pripravuje&nbsp;po letn\u00fdch pr\u00e1zdnin\u00e1ch&nbsp;\u010fal\u0161iu s\u00e9riu&nbsp;cyklot\u00fala\u010diek, na ktor\u00fdch v\u00fdletn\u00edci objavia&nbsp;technick\u00e9 pamiatky&nbsp;a&nbsp;dozvedia sa o&nbsp;typickej&nbsp;architekt\u00fare Z\u00e1horia.&nbsp;V\u202fSkalici sa \u00fa\u010dastn\u00edci na dvoch koles\u00e1ch vyber\u00fa po stop\u00e1ch tvorby Du\u0161ana Jurkovi\u010da, ale pozr\u00fa si aj unik\u00e1tne vin\u00e1rske b\u00fady. V&nbsp;okol\u00edJablonice zamieria k nedokon\u010denej \u017eeleznici a k artefaktom II. svetovej vojny v Mal\u00fdch Karpatoch.&nbsp;&nbsp;&nbsp;<\/p>\n\n\n\n<p>Cyklot\u00fala\u010dky&nbsp;po Z\u00e1hor\u00ed sa konaj\u00fa za ka\u017ed\u00e9ho po\u010dasia,&nbsp;ka\u017ed\u00fa septembrov\u00fa&nbsp;sobotu od 7. do 28. septembra&nbsp;2024.&nbsp;<\/p>\n\n\n\n<p>Cena: 12 eur&nbsp;(Z\u00e1kladn\u00fd l\u00edstok plat\u00ed pre v\u0161etky vekov\u00e9 kateg\u00f3rie. Z\u00e1\u017eitkov\u00e9 cyklov\u00fdlety s\u00fa vhodn\u00e9 pre deti od 8 rokov.)<\/p>\n\n\n\n<p>Cena jednej vstupenky je <strong>12 eur<\/strong> (plat\u00ed pre v\u0161etky vekov\u00e9 kateg\u00f3rie). <strong>Z\u00e1\u017eitkov\u00e9 cyklov\u00fdlety s\u00fa vhodn\u00e9 pre deti od 8 rokov.<\/strong><\/p>\n\n\n\n<h2 class=\"wp-block-heading\">Jegyek<\/h2>\n\n\n\n<h3 class=\"wp-block-heading has-medium-font-size\">Sobota 28. septembra 2024 o 10:15 hod.<\/h3>\n\n\n\n<div class=\"wp-block-columns is-layout-flex wp-container-core-columns-is-layout-9d6595d7 wp-block-columns-is-layout-flex\">\n<div class=\"wp-block-column is-layout-flow wp-block-column-is-layout-flow\">\n<div class=\"wp-block-buttons is-content-justification-center is-layout-flex wp-container-core-buttons-is-layout-16018d1d wp-block-buttons-is-layout-flex\">\n<div class=\"wp-block-button has-custom-width wp-block-button__width-100\"><a class=\"wp-block-button__link has-background wp-element-button\" href=\"https:\/\/rezervacie.krajzazitkov.sk\/hu\/termek\/cyklotulacky-po-zahori-jablonica-sobota-28-september-o-10-15-hod\/\" style=\"background-color:#04accd\">JABLONICA &#8211; VSTUPENKY<\/a><\/div>\n<\/div>\n<\/div>\n<\/div>\n<\/div>\n<\/div>\n\n\n\n<p class=\"has-small-font-size\"><em>\u00da\u010dastn\u00edci organizovan\u00fdch cykloprehliadok s\u00fa si vedom\u00ed, \u017ee cyklistika je akt\u00edvny \u0161port a jeho vykon\u00e1vanie je spojen\u00e9 s fyzickou n\u00e1mahou.&nbsp;&nbsp;<\/em><\/p>\n\n\n\n<p class=\"has-small-font-size\"><em>Organizovan\u00e9 cykloprehliadky s\u00fa aktivity, ktor\u00e9 s\u00fa realizovan\u00e9 v kolekt\u00edve \u013eud\u00ed, preto si vy\u017eaduj\u00fa primeran\u00fa fyzick\u00fa a psychick\u00fa dispoz\u00edciu, schopnos\u0165 prisp\u00f4sobi\u0165 sa a by\u0165 s\u00fa\u010dinn\u00fd. Osob\u00e1m so zdravotn\u00fdmi a telesn\u00fdmi obmedzeniami sa neodpor\u00fa\u010da z\u00fa\u010dastni\u0165 sa tejto organizovanej aktivity.&nbsp;&nbsp;<\/em><\/p>\n\n\n\n<p class=\"has-small-font-size\"><em>KOCR Trnavsk\u00fd kraj m\u00e1 z\u00e1ujem, aby organizovan\u00e9 cykloprehliadky prebiehali v priate\u013eskej atmosf\u00e9re, \u00fa\u010dastn\u00edci mali pozit\u00edvny pr\u00edstup k akt\u00edvnej turistike a re\u0161pektovali v\u00fdklad sprev\u00e1dzaj\u00faceho.&nbsp;&nbsp;<\/em><\/p>\n\n\n\n<p class=\"has-small-font-size\"><em>Sprev\u00e1dzaj\u00faci\/organiz\u00e1tor m\u00e1 pr\u00e1vo bez n\u00e1roku na n\u00e1hradu vyl\u00fa\u010di\u0165 z\u202forganizovanej prehliadky osoby nar\u00fa\u0161aj\u00face priebeh cykloprehliadky, pr\u00edp. in\u00e9 osoby, a\u202fto v\u202fs\u00falade so V\u0161eobecn\u00fdmi obchodn\u00fdmi podmienkami KOCR Trnavsk\u00fd kraj.&nbsp;&nbsp;<\/em><\/p>\n\n\n\n<p class=\"has-small-font-size\"><em>KOCR Trnavsk\u00fd kraj nenesie \u017eiadnu zodpovednos\u0165 za ujmu na zdrav\u00ed \u00fa\u010dastn\u00edkov cykloprehliadky a in\u00fdch \u0161kod\u00e1ch vzniknut\u00fdch na trase prehliadok bez zavinenia KOCR Trnavsk\u00fd kraj.&nbsp;<\/em><\/p>","protected":false},"excerpt":{"rendered":"<p>Cyklot\u00fala\u010dky po Z\u00e1hor\u00ed Trnavsk\u00fd kraj z\u00e1\u017eitkov pripravuje&nbsp;po letn\u00fdch pr\u00e1zdnin\u00e1ch&nbsp;\u010fal\u0161iu s\u00e9riu&nbsp;cyklot\u00fala\u010diek, na ktor\u00fdch v\u00fdletn\u00edci objavia&nbsp;technick\u00e9 pamiatky&nbsp;a&nbsp;dozvedia sa o&nbsp;typickej&nbsp;architekt\u00fare Z\u00e1horia.&nbsp;V\u202fSkalici sa \u00fa\u010dastn\u00edci na dvoch koles\u00e1ch vyber\u00fa po stop\u00e1ch tvorby Du\u0161ana Jurkovi\u010da, ale pozr\u00fa si aj unik\u00e1tne vin\u00e1rske b\u00fady. V&nbsp;okol\u00edJablonice zamieria k nedokon\u010denej \u017eeleznici a k artefaktom II. svetovej vojny v Mal\u00fdch Karpatoch.&nbsp;&nbsp;&nbsp; Cyklot\u00fala\u010dky&nbsp;po Z\u00e1hor\u00ed sa konaj\u00fa za&hellip;&nbsp;<a href=\"https:\/\/rezervacie.krajzazitkov.sk\/hu\/cyklotulacky-po-zahori\/\" rel=\"bookmark\">Read More &raquo;<span class=\"screen-reader-text\">Cyklot\u00fala\u010dky po Z\u00e1hor\u00ed<\/span><\/a><\/p>","protected":false},"author":2,"featured_media":517,"parent":0,"menu_order":0,"comment_status":"closed","ping_status":"closed","template":"","meta":{"neve_meta_sidebar":"","neve_meta_container":"","neve_meta_enable_content_width":"","neve_meta_content_width":0,"neve_meta_title_alignment":"","neve_meta_author_avatar":"","neve_post_elements_order":"","neve_meta_disable_header":"","neve_meta_disable_footer":"","neve_meta_disable_title":"on","footnotes":""},"class_list":["post-715","page","type-page","status-publish","has-post-thumbnail","hentry"],"_links":{"self":[{"href":"https:\/\/rezervacie.krajzazitkov.sk\/hu\/wp-json\/wp\/v2\/pages\/715","targetHints":{"allow":["GET"]}}],"collection":[{"href":"https:\/\/rezervacie.krajzazitkov.sk\/hu\/wp-json\/wp\/v2\/pages"}],"about":[{"href":"https:\/\/rezervacie.krajzazitkov.sk\/hu\/wp-json\/wp\/v2\/types\/page"}],"author":[{"embeddable":true,"href":"https:\/\/rezervacie.krajzazitkov.sk\/hu\/wp-json\/wp\/v2\/users\/2"}],"replies":[{"embeddable":true,"href":"https:\/\/rezervacie.krajzazitkov.sk\/hu\/wp-json\/wp\/v2\/comments?post=715"}],"version-history":[{"count":10,"href":"https:\/\/rezervacie.krajzazitkov.sk\/hu\/wp-json\/wp\/v2\/pages\/715\/revisions"}],"predecessor-version":[{"id":1152,"href":"https:\/\/rezervacie.krajzazitkov.sk\/hu\/wp-json\/wp\/v2\/pages\/715\/revisions\/1152"}],"wp:featuredmedia":[{"embeddable":true,"href":"https:\/\/rezervacie.krajzazitkov.sk\/hu\/wp-json\/wp\/v2\/media\/517"}],"wp:attachment":[{"href":"https:\/\/rezervacie.krajzazitkov.sk\/hu\/wp-json\/wp\/v2\/media?parent=715"}],"curies":[{"name":"wp","href":"https:\/\/api.w.org\/{rel}","templated":true}]}}

Cyklotúlačky po Záhorí

<div style="height:30px" aria-hidden="true" class="wp-block-spacer"></div>



<div class="wp-block-columns is-layout-flex wp-container-core-columns-is-layout-9d6595d7 wp-block-columns-is-layout-flex">
<div class="wp-block-column is-layout-flow wp-block-column-is-layout-flow" style="flex-basis:33.33%">
<figure class="wp-block-image size-large"><img loading="lazy" decoding="async" width="1024" height="1024" src="https://rezervacie.krajzazitkov.sk/wp-content/uploads/2024/05/cyklotulack_zahorie_2024-06-1024x1024.png" alt="" class="wp-image-710" srcset="https://rezervacie.krajzazitkov.sk/wp-content/uploads/2024/05/cyklotulack_zahorie_2024-06-1024x1024.png 1024w, https://rezervacie.krajzazitkov.sk/wp-content/uploads/2024/05/cyklotulack_zahorie_2024-06-300x300.png 300w, https://rezervacie.krajzazitkov.sk/wp-content/uploads/2024/05/cyklotulack_zahorie_2024-06-150x150.png 150w, https://rezervacie.krajzazitkov.sk/wp-content/uploads/2024/05/cyklotulack_zahorie_2024-06-768x768.png 768w, https://rezervacie.krajzazitkov.sk/wp-content/uploads/2024/05/cyklotulack_zahorie_2024-06-1536x1536.png 1536w, https://rezervacie.krajzazitkov.sk/wp-content/uploads/2024/05/cyklotulack_zahorie_2024-06-2048x2048.png 2048w, https://rezervacie.krajzazitkov.sk/wp-content/uploads/2024/05/cyklotulack_zahorie_2024-06-12x12.png 12w, https://rezervacie.krajzazitkov.sk/wp-content/uploads/2024/05/cyklotulack_zahorie_2024-06-600x600.png 600w, https://rezervacie.krajzazitkov.sk/wp-content/uploads/2024/05/cyklotulack_zahorie_2024-06-100x100.png 100w" sizes="auto, (max-width: 1024px) 100vw, 1024px" /></figure>



<p class="has-small-font-size"></p>
</div>



<div class="wp-block-column is-layout-flow wp-block-column-is-layout-flow" style="flex-basis:66.66%">
<h1 class="wp-block-heading">Cyklotúlačky po Záhorí</h1>



<p>Trnavský kraj zážitkov pripravuje&nbsp;po letných prázdninách&nbsp;ďalšiu sériu&nbsp;cyklotúlačiek, na ktorých výletníci objavia&nbsp;technické pamiatky&nbsp;a&nbsp;dozvedia sa o&nbsp;typickej&nbsp;architektúre Záhoria.&nbsp;V Skalici sa účastníci na dvoch kolesách vyberú po stopách tvorby Dušana Jurkoviča, ale pozrú si aj unikátne vinárske búdy. V&nbsp;okolíJablonice zamieria k nedokončenej železnici a k artefaktom II. svetovej vojny v Malých Karpatoch.&nbsp;&nbsp;&nbsp;</p>



<p>Cyklotúlačky&nbsp;po Záhorí sa konajú za každého počasia,&nbsp;každú septembrovú&nbsp;sobotu od 7. do 28. septembra&nbsp;2024.&nbsp;</p>



<p>Cena: 12 eur&nbsp;(Základný lístok platí pre všetky vekové kategórie. Zážitkové cyklovýlety sú vhodné pre deti od 8 rokov.)</p>



<p>Cena jednej vstupenky je <strong>12 eur</strong> (platí pre všetky vekové kategórie). <strong>Zážitkové cyklovýlety sú vhodné pre deti od 8 rokov.</strong></p>



<h2 class="wp-block-heading">Jegyek</h2>



<h3 class="wp-block-heading has-medium-font-size">Sobota 28. septembra 2024 o 10:15 hod.</h3>



<div class="wp-block-columns is-layout-flex wp-container-core-columns-is-layout-9d6595d7 wp-block-columns-is-layout-flex">
<div class="wp-block-column is-layout-flow wp-block-column-is-layout-flow">
<div class="wp-block-buttons is-content-justification-center is-layout-flex wp-container-core-buttons-is-layout-16018d1d wp-block-buttons-is-layout-flex">
<div class="wp-block-button has-custom-width wp-block-button__width-100"><a class="wp-block-button__link has-background wp-element-button" href="https://rezervacie.krajzazitkov.sk/hu/termek/cyklotulacky-po-zahori-jablonica-sobota-28-september-o-10-15-hod/" style="background-color:#04accd">JABLONICA &#8211; VSTUPENKY</a></div>
</div>
</div>
</div>
</div>
</div>



<p class="has-small-font-size"><em>Účastníci organizovaných cykloprehliadok sú si vedomí, že cyklistika je aktívny šport a jeho vykonávanie je spojené s fyzickou námahou.&nbsp;&nbsp;</em></p>



<p class="has-small-font-size"><em>Organizované cykloprehliadky sú aktivity, ktoré sú realizované v kolektíve ľudí, preto si vyžadujú primeranú fyzickú a psychickú dispozíciu, schopnosť prispôsobiť sa a byť súčinný. Osobám so zdravotnými a telesnými obmedzeniami sa neodporúča zúčastniť sa tejto organizovanej aktivity.&nbsp;&nbsp;</em></p>



<p class="has-small-font-size"><em>KOCR Trnavský kraj má záujem, aby organizované cykloprehliadky prebiehali v priateľskej atmosfére, účastníci mali pozitívny prístup k aktívnej turistike a rešpektovali výklad sprevádzajúceho.&nbsp;&nbsp;</em></p>



<p class="has-small-font-size"><em>Sprevádzajúci/organizátor má právo bez nároku na náhradu vylúčiť z organizovanej prehliadky osoby narúšajúce priebeh cykloprehliadky, príp. iné osoby, a to v súlade so Všeobecnými obchodnými podmienkami KOCR Trnavský kraj.&nbsp;&nbsp;</em></p>



<p class="has-small-font-size"><em>KOCR Trnavský kraj nenesie žiadnu zodpovednosť za ujmu na zdraví účastníkov cykloprehliadky a iných škodách vzniknutých na trase prehliadok bez zavinenia KOCR Trnavský kraj.&nbsp;</em></p>

<p>Cyklotúlačky po Záhorí Trnavský kraj zážitkov pripravuje&nbsp;po letných prázdninách&nbsp;ďalšiu sériu&nbsp;cyklotúlačiek, na ktorých výletníci objavia&nbsp;technické pamiatky&nbsp;a&nbsp;dozvedia sa o&nbsp;typickej&nbsp;architektúre Záhoria.&nbsp;V Skalici sa účastníci na dvoch kolesách vyberú po stopách tvorby Dušana Jurkoviča, ale pozrú si aj unikátne vinárske búdy. V&nbsp;okolíJablonice zamieria k nedokončenej železnici a k artefaktom II. svetovej vojny v Malých Karpatoch.&nbsp;&nbsp;&nbsp; Cyklotúlačky&nbsp;po Záhorí sa konajú za&hellip;&nbsp;<a href="https://rezervacie.krajzazitkov.sk/hu/cyklotulacky-po-zahori/" rel="bookmark">Read More &raquo;<span class="screen-reader-text">Cyklotúlačky po Záhorí</span></a></p>
