{"id":626,"date":"2024-05-15T13:25:35","date_gmt":"2024-05-15T11:25:35","guid":{"rendered":"https:\/\/rezervacie.krajzazitkov.sk\/?page_id=626"},"modified":"2025-10-17T11:18:39","modified_gmt":"2025-10-17T09:18:39","slug":"piestany-podla-wintera-jesen-2025","status":"publish","type":"page","link":"https:\/\/rezervacie.krajzazitkov.sk\/hu\/piestany-podla-wintera-jesen-2025\/","title":{"rendered":"P\u00f6sty\u00e9n Winter szem\u00e9vel"},"content":{"rendered":"<div class=\"wp-block-columns is-layout-flex wp-container-core-columns-is-layout-9d6595d7 wp-block-columns-is-layout-flex\">\n<div class=\"wp-block-column is-layout-flow wp-block-column-is-layout-flow\" style=\"flex-basis:33.33%\">\n<figure class=\"wp-block-image size-large\"><img loading=\"lazy\" decoding=\"async\" width=\"1024\" height=\"1024\" src=\"https:\/\/rezervacie.krajzazitkov.sk\/wp-content\/uploads\/2024\/05\/Winter-jesen_post_video_square_1-05-1024x1024.png\" alt=\"\" class=\"wp-image-625\" srcset=\"https:\/\/rezervacie.krajzazitkov.sk\/wp-content\/uploads\/2024\/05\/Winter-jesen_post_video_square_1-05-1024x1024.png 1024w, https:\/\/rezervacie.krajzazitkov.sk\/wp-content\/uploads\/2024\/05\/Winter-jesen_post_video_square_1-05-300x300.png 300w, https:\/\/rezervacie.krajzazitkov.sk\/wp-content\/uploads\/2024\/05\/Winter-jesen_post_video_square_1-05-150x150.png 150w, https:\/\/rezervacie.krajzazitkov.sk\/wp-content\/uploads\/2024\/05\/Winter-jesen_post_video_square_1-05-768x768.png 768w, https:\/\/rezervacie.krajzazitkov.sk\/wp-content\/uploads\/2024\/05\/Winter-jesen_post_video_square_1-05-1536x1536.png 1536w, https:\/\/rezervacie.krajzazitkov.sk\/wp-content\/uploads\/2024\/05\/Winter-jesen_post_video_square_1-05-2048x2048.png 2048w, https:\/\/rezervacie.krajzazitkov.sk\/wp-content\/uploads\/2024\/05\/Winter-jesen_post_video_square_1-05-12x12.png 12w, https:\/\/rezervacie.krajzazitkov.sk\/wp-content\/uploads\/2024\/05\/Winter-jesen_post_video_square_1-05-600x600.png 600w, https:\/\/rezervacie.krajzazitkov.sk\/wp-content\/uploads\/2024\/05\/Winter-jesen_post_video_square_1-05-100x100.png 100w\" sizes=\"auto, (max-width: 1024px) 100vw, 1024px\" \/><\/figure>\n\n\n\n<div style=\"height:30px\" aria-hidden=\"true\" class=\"wp-block-spacer\"><\/div>\n<\/div>\n\n\n\n<div class=\"wp-block-column is-layout-flow wp-block-column-is-layout-flow\" style=\"flex-basis:66.66%\">\n<div style=\"height:9px\" aria-hidden=\"true\" class=\"wp-block-spacer\"><\/div>\n\n\n\n<h1 class=\"wp-block-heading\">P\u00f6sty\u00e9n Winter szem\u00e9vel<\/h1>\n\n\n\n<p>P\u00f6sty\u00e9nt \u013dudov\u00edt Winter szem\u00e9vel l\u00e1thatj\u00e1k 2025. okt\u00f3ber 11-\u00e9n, okt\u00f3ber 25-\u00e9n \u00e9s november 8-\u00e1n, mindig szombaton. A s\u00e9ta 13:30-kor kezd\u0151dik a Kolon\u00e1d h\u00eddn\u00e1l. A program a Kursalon, a Z\u00f6ld Fa, a mank\u00f3t\u00f6r\u0151 szobor, a Thermia Palace sz\u00e1ll\u00f3, a Pro Patria \u00e9s az Eva strand meg\u00e1ll\u00f3ival folytat\u00f3dik, majd ott is z\u00e1rul. Az \u00fatvonal hossza alig 2 kilom\u00e9ter, \u00e9s minden s\u00e9ta k\u00f6r\u00fclbel\u00fcl 70 percig tart.<\/p>\n\n\n\n<p>\u00c9lm\u00e9nyalap\u00fa t\u00fara, amelyben az elt\u00f6k\u00e9lt \u00fczletember, \u013dudov\u00edt Winter eml\u00e9kei hallhat\u00f3k a f\u00fclhallgat\u00f3kon kereszt\u00fcl, \u00e9s sz\u00edn\u00e9szek t\u00f6rt\u00e9nelmi jelmezekben l\u00e9pnek fel k\u00f6zvetlen\u00fcl az utc\u00e1kon. Winter szerint P\u00f6sty\u00e9n a dr\u00e1mai m\u0171 \u00e9s a komment\u00e1lt s\u00e9ta hat\u00e1r\u00e1n helyezkedik el. A t\u00fara alapj\u00e1t egy olyan f\u00e9rfi eml\u00e9kiratai adj\u00e1k, aki m\u00e1r 20 \u00e9vesen elkezdte \u00e9p\u00edteni a p\u00f6sty\u00e9ni f\u00fcrd\u0151k h\u00edrnev\u00e9t, \u00e9s er\u0151fesz\u00edt\u00e9seit nem hagyta abba akkor sem, amikor legyeng\u00fclt eg\u00e9szs\u00e9ggel t\u00e9rt vissza a koncentr\u00e1ci\u00f3s t\u00e1borr\u00f3l.<\/p>\n\n\n\n<p><strong>UPOZORNENIE: V s\u00favislosti s uzatvoren\u00edm Kolon\u00e1dov\u00e9ho mosta h\u013ead\u00e1me n\u00e1hradn\u00e9 rie\u0161enie ako prehliadku Pie\u0161\u0165any pod\u013ea Wintera v pl\u00e1novan\u00fdch term\u00ednoch realizova\u0165. Klientov, ktor\u00ed si u\u017e zak\u00fapili vstupenky, budeme v priebehu najbli\u017e\u0161\u00edch dn\u00ed informova\u0165 e-mailom na adresu, ktor\u00fa zadali pri n\u00e1kupe.<\/strong><\/p>\n\n\n\n<p><strong>Az esem\u00e9ny helysz\u00edne:<\/strong> Winter m\u00e1r v\u00e1rja \u00d6nt a Kolonn\u00e1d h\u00edd egyik padj\u00e1n, k\u00e9szen arra, hogy elmes\u00e9lje saj\u00e1t \u00e9lete t\u00f6rt\u00e9net\u00e9t.<\/p>\n\n\n\n<p><strong>\u00c9rintkez\u00e9s <\/strong>+421 948 989 010, <a href=\"mailto:ema.veseli@krajzazitkov.sk\">ema.veseli@krajzazitkov.sk<\/a><\/p>\n\n\n\n<p><em>Egy-egy v\u00e1rosn\u00e9z\u00e9sre f\u00fclhallgat\u00f3t is tudunk k\u00f6lcs\u00f6n\u00f6zni, melynek haszn\u00e1lat\u00e1\u00e9rt 20 \u20ac kauci\u00f3t k\u00e9r\u00fcnk. A v\u00e1rosn\u00e9z\u00e9s v\u00e9gezt\u00e9vel a f\u00fclhallgat\u00f3k visszaszolg\u00e1ltat\u00e1sa ut\u00e1n a kauci\u00f3t visszat\u00e9r\u00edtj\u00fck.<\/em><\/p>\n\n\n\n<p class=\"translation-block\">Teljes\u00e1r\u00fa jegy- 14 \u20ac\nKedvezm\u00e9nyes jegy- 12 \u20ac (3 \u00e9s 15 \u00e9v k\u00f6z\u00f6tti gyermek, 65 \u00e9v feletti nyugd\u00edjas, valamint ZTP \u00e9s ZTP-S igazolv\u00e1nnyal rendelkez\u0151k)<\/p>\n\n\n\n<h2 class=\"wp-block-heading\">Jegyek<\/h2>\n\n\n\n<div class=\"wp-block-columns is-layout-flex wp-container-core-columns-is-layout-9d6595d7 wp-block-columns-is-layout-flex\">\n<div class=\"wp-block-column is-layout-flow wp-block-column-is-layout-flow\">\n<div class=\"wp-block-buttons is-content-justification-center is-layout-flex wp-container-core-buttons-is-layout-16018d1d wp-block-buttons-is-layout-flex\">\n<div class=\"wp-block-button has-custom-width wp-block-button__width-100\"><a class=\"wp-block-button__link has-background wp-element-button\" style=\"background-color:#04accd\">11. okt\u00f3bra 2025 o 13.30 h (VYPREDAN\u00c9)<\/a><\/div>\n\n\n\n<div class=\"wp-block-button has-custom-width wp-block-button__width-100\"><a class=\"wp-block-button__link has-background wp-element-button\" href=\"https:\/\/rezervacie.krajzazitkov.sk\/hu\/termek\/piestany-podla-wintera-25-oktobra-2025-o-1330\/\" style=\"background-color:#04accd\">25. okt\u00f3bra 2025 o 13.30 h (VYPREDAN\u00c9)<\/a><\/div>\n\n\n\n<div class=\"wp-block-button has-custom-width wp-block-button__width-100\"><a class=\"wp-block-button__link has-background wp-element-button\" style=\"background-color:#04accd\">8. novembra 2025 o 13.30 h (PREDAJ JE POZASTAVEN\u00dd)<\/a><\/div>\n<\/div>\n<\/div>\n<\/div>\n<\/div>\n<\/div>\n\n\n\n<p><strong>A Trnava r\u00e9gi\u00f3 region\u00e1lis turisztikai szervezete nem v\u00e1llal felel\u0151ss\u00e9get a rendezv\u00e9ny r\u00e9sztvev\u0151it \u00e9rt s\u00e9r\u00fcl\u00e9sek\u00e9rt \u00e9s a rendezv\u00e9nyen a Trnava r\u00e9gi\u00f3 region\u00e1lis turisztikai szervezete hib\u00e1j\u00e1n k\u00edv\u00fcl bek\u00f6vetkezett egy\u00e9b k\u00e1rok\u00e9rt.&nbsp;&nbsp;<\/strong><\/p>\n\n\n\n<p><\/p>\n\n\n\n<p><\/p>","protected":false},"excerpt":{"rendered":"<p>Pie\u0161\u0165any pod\u013ea Wintera Na Pie\u0161\u0165any sa m\u00f4\u017eete o\u010dami \u013dudov\u00edta Wintera v\u017edy v sobotu 11. okt\u00f3bra, 25. okt\u00f3bra a 8. novembra 2025. Za\u010diatok je o 13.30 h na Kolon\u00e1dovom moste. Prehliadky pokra\u010duj\u00fa zast\u00e1vkami pri Kursalone, Zelenom strome, barlol\u00e1ma\u010dovi, hoteli Thermia Palace, Pro Patrii a vrcholia na k\u00fapalisku Eva. D\u013a\u017eka trasy je necel\u00e9 2 kilometre. Ka\u017ed\u00e1 prech\u00e1dzka&hellip;&nbsp;<a href=\"https:\/\/rezervacie.krajzazitkov.sk\/hu\/piestany-podla-wintera-jesen-2025\/\" rel=\"bookmark\">Read More &raquo;<span class=\"screen-reader-text\">P\u00f6sty\u00e9n Winter szem\u00e9vel<\/span><\/a><\/p>","protected":false},"author":2,"featured_media":0,"parent":0,"menu_order":0,"comment_status":"closed","ping_status":"closed","template":"","meta":{"neve_meta_sidebar":"","neve_meta_container":"","neve_meta_enable_content_width":"","neve_meta_content_width":0,"neve_meta_title_alignment":"","neve_meta_author_avatar":"","neve_post_elements_order":"","neve_meta_disable_header":"","neve_meta_disable_footer":"","neve_meta_disable_title":"on","footnotes":""},"class_list":["post-626","page","type-page","status-publish","hentry"],"_links":{"self":[{"href":"https:\/\/rezervacie.krajzazitkov.sk\/hu\/wp-json\/wp\/v2\/pages\/626","targetHints":{"allow":["GET"]}}],"collection":[{"href":"https:\/\/rezervacie.krajzazitkov.sk\/hu\/wp-json\/wp\/v2\/pages"}],"about":[{"href":"https:\/\/rezervacie.krajzazitkov.sk\/hu\/wp-json\/wp\/v2\/types\/page"}],"author":[{"embeddable":true,"href":"https:\/\/rezervacie.krajzazitkov.sk\/hu\/wp-json\/wp\/v2\/users\/2"}],"replies":[{"embeddable":true,"href":"https:\/\/rezervacie.krajzazitkov.sk\/hu\/wp-json\/wp\/v2\/comments?post=626"}],"version-history":[{"count":34,"href":"https:\/\/rezervacie.krajzazitkov.sk\/hu\/wp-json\/wp\/v2\/pages\/626\/revisions"}],"predecessor-version":[{"id":1747,"href":"https:\/\/rezervacie.krajzazitkov.sk\/hu\/wp-json\/wp\/v2\/pages\/626\/revisions\/1747"}],"wp:attachment":[{"href":"https:\/\/rezervacie.krajzazitkov.sk\/hu\/wp-json\/wp\/v2\/media?parent=626"}],"curies":[{"name":"wp","href":"https:\/\/api.w.org\/{rel}","templated":true}]}}

Pöstyén Winter szemével

<div class="wp-block-columns is-layout-flex wp-container-core-columns-is-layout-9d6595d7 wp-block-columns-is-layout-flex">
<div class="wp-block-column is-layout-flow wp-block-column-is-layout-flow" style="flex-basis:33.33%">
<figure class="wp-block-image size-large"><img loading="lazy" decoding="async" width="1024" height="1024" src="https://rezervacie.krajzazitkov.sk/wp-content/uploads/2024/05/Winter-jesen_post_video_square_1-05-1024x1024.png" alt="" class="wp-image-625" srcset="https://rezervacie.krajzazitkov.sk/wp-content/uploads/2024/05/Winter-jesen_post_video_square_1-05-1024x1024.png 1024w, https://rezervacie.krajzazitkov.sk/wp-content/uploads/2024/05/Winter-jesen_post_video_square_1-05-300x300.png 300w, https://rezervacie.krajzazitkov.sk/wp-content/uploads/2024/05/Winter-jesen_post_video_square_1-05-150x150.png 150w, https://rezervacie.krajzazitkov.sk/wp-content/uploads/2024/05/Winter-jesen_post_video_square_1-05-768x768.png 768w, https://rezervacie.krajzazitkov.sk/wp-content/uploads/2024/05/Winter-jesen_post_video_square_1-05-1536x1536.png 1536w, https://rezervacie.krajzazitkov.sk/wp-content/uploads/2024/05/Winter-jesen_post_video_square_1-05-2048x2048.png 2048w, https://rezervacie.krajzazitkov.sk/wp-content/uploads/2024/05/Winter-jesen_post_video_square_1-05-12x12.png 12w, https://rezervacie.krajzazitkov.sk/wp-content/uploads/2024/05/Winter-jesen_post_video_square_1-05-600x600.png 600w, https://rezervacie.krajzazitkov.sk/wp-content/uploads/2024/05/Winter-jesen_post_video_square_1-05-100x100.png 100w" sizes="auto, (max-width: 1024px) 100vw, 1024px" /></figure>



<div style="height:30px" aria-hidden="true" class="wp-block-spacer"></div>
</div>



<div class="wp-block-column is-layout-flow wp-block-column-is-layout-flow" style="flex-basis:66.66%">
<div style="height:9px" aria-hidden="true" class="wp-block-spacer"></div>



<h1 class="wp-block-heading">Pöstyén Winter szemével</h1>



<p>Pöstyént Ľudovít Winter szemével láthatják 2025. október 11-én, október 25-én és november 8-án, mindig szombaton. A séta 13:30-kor kezdődik a Kolonád hídnál. A program a Kursalon, a Zöld Fa, a mankótörő szobor, a Thermia Palace szálló, a Pro Patria és az Eva strand megállóival folytatódik, majd ott is zárul. Az útvonal hossza alig 2 kilométer, és minden séta körülbelül 70 percig tart.</p>



<p>Élményalapú túra, amelyben az eltökélt üzletember, Ľudovít Winter emlékei hallhatók a fülhallgatókon keresztül, és színészek történelmi jelmezekben lépnek fel közvetlenül az utcákon. Winter szerint Pöstyén a drámai mű és a kommentált séta határán helyezkedik el. A túra alapját egy olyan férfi emlékiratai adják, aki már 20 évesen elkezdte építeni a pöstyéni fürdők hírnevét, és erőfeszítéseit nem hagyta abba akkor sem, amikor legyengült egészséggel tért vissza a koncentrációs táborról.</p>



<p><strong>UPOZORNENIE: V súvislosti s uzatvorením Kolonádového mosta hľadáme náhradné riešenie ako prehliadku Piešťany podľa Wintera v plánovaných termínoch realizovať. Klientov, ktorí si už zakúpili vstupenky, budeme v priebehu najbližších dní informovať e-mailom na adresu, ktorú zadali pri nákupe.</strong></p>



<p><strong>Az esemény helyszíne:</strong> Winter már várja Önt a Kolonnád híd egyik padján, készen arra, hogy elmesélje saját élete történetét.</p>



<p><strong>Érintkezés </strong>+421 948 989 010, <a href="mailto:ema.veseli@krajzazitkov.sk">ema.veseli@krajzazitkov.sk</a></p>



<p><em>Egy-egy városnézésre fülhallgatót is tudunk kölcsönözni, melynek használatáért 20 € kauciót kérünk. A városnézés végeztével a fülhallgatók visszaszolgáltatása után a kauciót visszatérítjük.</em></p>



<p class="translation-block">Teljesárú jegy- 14 €
Kedvezményes jegy- 12 € (3 és 15 év közötti gyermek, 65 év feletti nyugdíjas, valamint ZTP és ZTP-S igazolvánnyal rendelkezők)</p>



<h2 class="wp-block-heading">Jegyek</h2>



<div class="wp-block-columns is-layout-flex wp-container-core-columns-is-layout-9d6595d7 wp-block-columns-is-layout-flex">
<div class="wp-block-column is-layout-flow wp-block-column-is-layout-flow">
<div class="wp-block-buttons is-content-justification-center is-layout-flex wp-container-core-buttons-is-layout-16018d1d wp-block-buttons-is-layout-flex">
<div class="wp-block-button has-custom-width wp-block-button__width-100"><a class="wp-block-button__link has-background wp-element-button" style="background-color:#04accd">11. októbra 2025 o 13.30 h (VYPREDANÉ)</a></div>



<div class="wp-block-button has-custom-width wp-block-button__width-100"><a class="wp-block-button__link has-background wp-element-button" href="https://rezervacie.krajzazitkov.sk/hu/termek/piestany-podla-wintera-25-oktobra-2025-o-1330/" style="background-color:#04accd">25. októbra 2025 o 13.30 h (VYPREDANÉ)</a></div>



<div class="wp-block-button has-custom-width wp-block-button__width-100"><a class="wp-block-button__link has-background wp-element-button" style="background-color:#04accd">8. novembra 2025 o 13.30 h (PREDAJ JE POZASTAVENÝ)</a></div>
</div>
</div>
</div>
</div>
</div>



<p><strong>A Trnava régió regionális turisztikai szervezete nem vállal felelősséget a rendezvény résztvevőit ért sérülésekért és a rendezvényen a Trnava régió regionális turisztikai szervezete hibáján kívül bekövetkezett egyéb károkért.&nbsp;&nbsp;</strong></p>



<p></p>



<p></p>

<p>Piešťany podľa Wintera Na Piešťany sa môžete očami Ľudovíta Wintera vždy v sobotu 11. októbra, 25. októbra a 8. novembra 2025. Začiatok je o 13.30 h na Kolonádovom moste. Prehliadky pokračujú zastávkami pri Kursalone, Zelenom strome, barlolámačovi, hoteli Thermia Palace, Pro Patrii a vrcholia na kúpalisku Eva. Dĺžka trasy je necelé 2 kilometre. Každá prechádzka&hellip;&nbsp;<a href="https://rezervacie.krajzazitkov.sk/hu/piestany-podla-wintera-jesen-2025/" rel="bookmark">Read More &raquo;<span class="screen-reader-text">Pöstyén Winter szemével</span></a></p>
