{"id":1037,"date":"2024-08-27T14:36:52","date_gmt":"2024-08-27T12:36:52","guid":{"rendered":"https:\/\/rezervacie.krajzazitkov.sk\/?page_id=1037"},"modified":"2025-10-25T09:46:32","modified_gmt":"2025-10-25T07:46:32","slug":"svetlonos-na-splave","status":"publish","type":"page","link":"https:\/\/rezervacie.krajzazitkov.sk\/hu\/svetlonos-na-splave\/","title":{"rendered":"Svetlonos na splave"},"content":{"rendered":"<div style=\"height:30px\" aria-hidden=\"true\" class=\"wp-block-spacer\"><\/div>\n\n\n\n<div class=\"wp-block-columns is-layout-flex wp-container-core-columns-is-layout-9d6595d7 wp-block-columns-is-layout-flex\">\n<div class=\"wp-block-column is-layout-flow wp-block-column-is-layout-flow\" style=\"flex-basis:33.33%\">\n<figure class=\"wp-block-gallery has-nested-images columns-default is-cropped wp-block-gallery-1 is-layout-flex wp-block-gallery-is-layout-flex\">\n<figure class=\"wp-block-image size-large\"><img loading=\"lazy\" decoding=\"async\" width=\"1024\" height=\"1024\" data-id=\"1698\" src=\"https:\/\/rezervacie.krajzazitkov.sk\/wp-content\/uploads\/2024\/08\/Svetlonos-2025-stvorec-1024x1024.png\" alt=\"\" class=\"wp-image-1698\" srcset=\"https:\/\/rezervacie.krajzazitkov.sk\/wp-content\/uploads\/2024\/08\/Svetlonos-2025-stvorec-1024x1024.png 1024w, https:\/\/rezervacie.krajzazitkov.sk\/wp-content\/uploads\/2024\/08\/Svetlonos-2025-stvorec-300x300.png 300w, https:\/\/rezervacie.krajzazitkov.sk\/wp-content\/uploads\/2024\/08\/Svetlonos-2025-stvorec-150x150.png 150w, https:\/\/rezervacie.krajzazitkov.sk\/wp-content\/uploads\/2024\/08\/Svetlonos-2025-stvorec-768x768.png 768w, https:\/\/rezervacie.krajzazitkov.sk\/wp-content\/uploads\/2024\/08\/Svetlonos-2025-stvorec-12x12.png 12w, https:\/\/rezervacie.krajzazitkov.sk\/wp-content\/uploads\/2024\/08\/Svetlonos-2025-stvorec-600x600.png 600w, https:\/\/rezervacie.krajzazitkov.sk\/wp-content\/uploads\/2024\/08\/Svetlonos-2025-stvorec-100x100.png 100w, https:\/\/rezervacie.krajzazitkov.sk\/wp-content\/uploads\/2024\/08\/Svetlonos-2025-stvorec.png 1081w\" sizes=\"auto, (max-width: 1024px) 100vw, 1024px\" \/><\/figure>\n<\/figure>\n\n\n\n<p class=\"has-small-font-size\"><\/p>\n\n\n\n<p class=\"has-small-font-size\"><\/p>\n<\/div>\n\n\n\n<div class=\"wp-block-column is-layout-flow wp-block-column-is-layout-flow\" style=\"flex-basis:66.66%\">\n<h1 class=\"wp-block-heading\">Svetlonos na splave &#8211; 25. okt\u00f3bra 2025<\/h1>\n\n\n\n<p>Ukon\u010dite vod\u00e1cku sez\u00f3nu v Trnavskom kraji z\u00e1\u017eitkov a obdivujte jesenn\u00e9 farby brehov vodn\u00fdch tokov, \u010di u\u017e bude pr\u00edjemn\u00e9 babie leto alebo trochu sychrav\u00e9 po\u010dasie. <strong>V sobotu 25. okt\u00f3bra 2025<\/strong> za\u017eijete unik\u00e1tnu atmosf\u00e9ru jesene v plnej jej kr\u00e1se. Svetlonos na splave up\u00fata milovn\u00edkov romantiky, rodiny s de\u0165mi, aj sk\u00fasenej\u0161\u00edch vod\u00e1kov.<br>Z\u00e1kladn\u00fd l\u00edstok:&nbsp;<strong>17 \u20ac<br><\/strong>Z\u013eavnen\u00fd l\u00edstok (die\u0165a do 10 rokov):&nbsp;<strong>12 \u20ac&nbsp;&nbsp;<\/strong><\/p>\n\n\n\n<h5 class=\"wp-block-heading\">Vstupenky:<\/h5>\n\n\n\n<div class=\"wp-block-columns is-layout-flex wp-container-core-columns-is-layout-9d6595d7 wp-block-columns-is-layout-flex\">\n<div class=\"wp-block-column is-layout-flow wp-block-column-is-layout-flow\">\n<div class=\"wp-block-buttons is-content-justification-center is-layout-flex wp-container-core-buttons-is-layout-16018d1d wp-block-buttons-is-layout-flex\">\n<div class=\"wp-block-button has-custom-width wp-block-button__width-100\"><a class=\"wp-block-button__link has-background wp-element-button\" href=\"https:\/\/rezervacie.krajzazitkov.sk\/hu\/termek\/svetlonos-na-splave-maly-dunaj-sobota-25-oktobra-2025\/\" style=\"background-color:#04accd\">Mal\u00fd Dunaj \/ 25. 10. 2025<\/a><\/div>\n\n\n\n<div class=\"wp-block-button has-custom-width wp-block-button__width-100\"><a class=\"wp-block-button__link has-background wp-element-button\" href=\"https:\/\/rezervacie.krajzazitkov.sk\/hu\/termek\/svetlonos-na-splave-dunajske-ramena-sobota-25-oktobra-2025\/\" style=\"background-color:#04accd\">Dunajsk\u00e9 ramen\u00e1 \/ 25. 10. 2025<\/a><\/div>\n\n\n\n<div class=\"wp-block-button has-custom-width wp-block-button__width-100\"><a class=\"wp-block-button__link has-background wp-element-button\" style=\"background-color:#04accd\">V\u00e1h \/ 25. 10. 2025<\/a><\/div>\n<\/div>\n<\/div>\n<\/div>\n<\/div>\n<\/div>\n\n\n\n<p class=\"has-small-font-size\"><em>V pr\u00edpade nepriazniv\u00e9ho po\u010dasia si organiz\u00e1tor (Krajsk\u00e1 organiz\u00e1cia cestovn\u00e9ho ruchu Trnavsk\u00fd kraj) vyhradzuje pr\u00e1vo presun\u00fa\u0165 podujatie. O pr\u00edpadnom presunut\u00ed akcie bude organiz\u00e1tor informova\u0165 \u00fa\u010dastn\u00edkov vopred prostredn\u00edctvom e-mailu. Zak\u00fapen\u00e9 l\u00edstky m\u00f4\u017eu ich majitelia vyu\u017ei\u0165&nbsp; na\u202fn\u00e1hradnom splave pri zah\u00e1jen\u00ed sez\u00f3ny v apr\u00edli 2026.<\/em><\/p>\n\n\n\n<p class=\"has-small-font-size\"><em>KOCR Trnavsk\u00fd kraj nenesie \u017eiadnu zodpovednos\u0165 za ujmu na zdrav\u00ed \u00fa\u010dastn\u00edkov splavu a in\u00fdch \u0161kod\u00e1ch vzniknut\u00fdch na splave. \u00da\u010dastn\u00edci nes\u00fa pln\u00fa zodpovednos\u0165 za svoje zdravie a osobn\u00e9 veci<\/em>.<\/p>","protected":false},"excerpt":{"rendered":"<p>Svetlonos na splave &#8211; 25. okt\u00f3bra 2025 Ukon\u010dite vod\u00e1cku sez\u00f3nu v Trnavskom kraji z\u00e1\u017eitkov a obdivujte jesenn\u00e9 farby brehov vodn\u00fdch tokov, \u010di u\u017e bude pr\u00edjemn\u00e9 babie leto alebo trochu sychrav\u00e9 po\u010dasie. V sobotu 25. okt\u00f3bra 2025 za\u017eijete unik\u00e1tnu atmosf\u00e9ru jesene v plnej jej kr\u00e1se. Svetlonos na splave up\u00fata milovn\u00edkov romantiky, rodiny s de\u0165mi, aj sk\u00fasenej\u0161\u00edch&hellip;&nbsp;<a href=\"https:\/\/rezervacie.krajzazitkov.sk\/hu\/svetlonos-na-splave\/\" rel=\"bookmark\">Read More &raquo;<span class=\"screen-reader-text\">Svetlonos na splave<\/span><\/a><\/p>","protected":false},"author":2,"featured_media":517,"parent":0,"menu_order":0,"comment_status":"closed","ping_status":"closed","template":"","meta":{"neve_meta_sidebar":"","neve_meta_container":"","neve_meta_enable_content_width":"","neve_meta_content_width":0,"neve_meta_title_alignment":"","neve_meta_author_avatar":"","neve_post_elements_order":"","neve_meta_disable_header":"","neve_meta_disable_footer":"","neve_meta_disable_title":"on","footnotes":""},"class_list":["post-1037","page","type-page","status-publish","has-post-thumbnail","hentry"],"_links":{"self":[{"href":"https:\/\/rezervacie.krajzazitkov.sk\/hu\/wp-json\/wp\/v2\/pages\/1037","targetHints":{"allow":["GET"]}}],"collection":[{"href":"https:\/\/rezervacie.krajzazitkov.sk\/hu\/wp-json\/wp\/v2\/pages"}],"about":[{"href":"https:\/\/rezervacie.krajzazitkov.sk\/hu\/wp-json\/wp\/v2\/types\/page"}],"author":[{"embeddable":true,"href":"https:\/\/rezervacie.krajzazitkov.sk\/hu\/wp-json\/wp\/v2\/users\/2"}],"replies":[{"embeddable":true,"href":"https:\/\/rezervacie.krajzazitkov.sk\/hu\/wp-json\/wp\/v2\/comments?post=1037"}],"version-history":[{"count":17,"href":"https:\/\/rezervacie.krajzazitkov.sk\/hu\/wp-json\/wp\/v2\/pages\/1037\/revisions"}],"predecessor-version":[{"id":1771,"href":"https:\/\/rezervacie.krajzazitkov.sk\/hu\/wp-json\/wp\/v2\/pages\/1037\/revisions\/1771"}],"wp:featuredmedia":[{"embeddable":true,"href":"https:\/\/rezervacie.krajzazitkov.sk\/hu\/wp-json\/wp\/v2\/media\/517"}],"wp:attachment":[{"href":"https:\/\/rezervacie.krajzazitkov.sk\/hu\/wp-json\/wp\/v2\/media?parent=1037"}],"curies":[{"name":"wp","href":"https:\/\/api.w.org\/{rel}","templated":true}]}}

<div style="height:30px" aria-hidden="true" class="wp-block-spacer"></div>



<div class="wp-block-columns is-layout-flex wp-container-core-columns-is-layout-9d6595d7 wp-block-columns-is-layout-flex">
<div class="wp-block-column is-layout-flow wp-block-column-is-layout-flow" style="flex-basis:33.33%">
<figure class="wp-block-gallery has-nested-images columns-default is-cropped wp-block-gallery-1 is-layout-flex wp-block-gallery-is-layout-flex">
<figure class="wp-block-image size-large"><img loading="lazy" decoding="async" width="1024" height="1024" data-id="1698" src="https://rezervacie.krajzazitkov.sk/wp-content/uploads/2024/08/Svetlonos-2025-stvorec-1024x1024.png" alt="" class="wp-image-1698" srcset="https://rezervacie.krajzazitkov.sk/wp-content/uploads/2024/08/Svetlonos-2025-stvorec-1024x1024.png 1024w, https://rezervacie.krajzazitkov.sk/wp-content/uploads/2024/08/Svetlonos-2025-stvorec-300x300.png 300w, https://rezervacie.krajzazitkov.sk/wp-content/uploads/2024/08/Svetlonos-2025-stvorec-150x150.png 150w, https://rezervacie.krajzazitkov.sk/wp-content/uploads/2024/08/Svetlonos-2025-stvorec-768x768.png 768w, https://rezervacie.krajzazitkov.sk/wp-content/uploads/2024/08/Svetlonos-2025-stvorec-12x12.png 12w, https://rezervacie.krajzazitkov.sk/wp-content/uploads/2024/08/Svetlonos-2025-stvorec-600x600.png 600w, https://rezervacie.krajzazitkov.sk/wp-content/uploads/2024/08/Svetlonos-2025-stvorec-100x100.png 100w, https://rezervacie.krajzazitkov.sk/wp-content/uploads/2024/08/Svetlonos-2025-stvorec.png 1081w" sizes="auto, (max-width: 1024px) 100vw, 1024px" /></figure>
</figure>



<p class="has-small-font-size"></p>



<p class="has-small-font-size"></p>
</div>



<div class="wp-block-column is-layout-flow wp-block-column-is-layout-flow" style="flex-basis:66.66%">
<h1 class="wp-block-heading">Svetlonos na splave &#8211; 25. októbra 2025</h1>



<p>Ukončite vodácku sezónu v Trnavskom kraji zážitkov a obdivujte jesenné farby brehov vodných tokov, či už bude príjemné babie leto alebo trochu sychravé počasie. <strong>V sobotu 25. októbra 2025</strong> zažijete unikátnu atmosféru jesene v plnej jej kráse. Svetlonos na splave upúta milovníkov romantiky, rodiny s deťmi, aj skúsenejších vodákov.<br>Základný lístok:&nbsp;<strong>17 €<br></strong>Zľavnený lístok (dieťa do 10 rokov):&nbsp;<strong>12 €&nbsp;&nbsp;</strong></p>



<h5 class="wp-block-heading">Vstupenky:</h5>



<div class="wp-block-columns is-layout-flex wp-container-core-columns-is-layout-9d6595d7 wp-block-columns-is-layout-flex">
<div class="wp-block-column is-layout-flow wp-block-column-is-layout-flow">
<div class="wp-block-buttons is-content-justification-center is-layout-flex wp-container-core-buttons-is-layout-16018d1d wp-block-buttons-is-layout-flex">
<div class="wp-block-button has-custom-width wp-block-button__width-100"><a class="wp-block-button__link has-background wp-element-button" href="https://rezervacie.krajzazitkov.sk/hu/termek/svetlonos-na-splave-maly-dunaj-sobota-25-oktobra-2025/" style="background-color:#04accd">Malý Dunaj / 25. 10. 2025</a></div>



<div class="wp-block-button has-custom-width wp-block-button__width-100"><a class="wp-block-button__link has-background wp-element-button" href="https://rezervacie.krajzazitkov.sk/hu/termek/svetlonos-na-splave-dunajske-ramena-sobota-25-oktobra-2025/" style="background-color:#04accd">Dunajské ramená / 25. 10. 2025</a></div>



<div class="wp-block-button has-custom-width wp-block-button__width-100"><a class="wp-block-button__link has-background wp-element-button" style="background-color:#04accd">Váh / 25. 10. 2025</a></div>
</div>
</div>
</div>
</div>
</div>



<p class="has-small-font-size"><em>V prípade nepriaznivého počasia si organizátor (Krajská organizácia cestovného ruchu Trnavský kraj) vyhradzuje právo presunúť podujatie. O prípadnom presunutí akcie bude organizátor informovať účastníkov vopred prostredníctvom e-mailu. Zakúpené lístky môžu ich majitelia využiť&nbsp; na náhradnom splave pri zahájení sezóny v apríli 2026.</em></p>



<p class="has-small-font-size"><em>KOCR Trnavský kraj nenesie žiadnu zodpovednosť za ujmu na zdraví účastníkov splavu a iných škodách vzniknutých na splave. Účastníci nesú plnú zodpovednosť za svoje zdravie a osobné veci</em>.</p>

<p>Svetlonos na splave &#8211; 25. októbra 2025 Ukončite vodácku sezónu v Trnavskom kraji zážitkov a obdivujte jesenné farby brehov vodných tokov, či už bude príjemné babie leto alebo trochu sychravé počasie. V sobotu 25. októbra 2025 zažijete unikátnu atmosféru jesene v plnej jej kráse. Svetlonos na splave upúta milovníkov romantiky, rodiny s deťmi, aj skúsenejších&hellip;&nbsp;<a href="https://rezervacie.krajzazitkov.sk/hu/svetlonos-na-splave/" rel="bookmark">Read More &raquo;<span class="screen-reader-text">Svetlonos na splave</span></a></p>
